Last updated on 2024-06-21 15:52:57 CEST.
Flavor | Version | Tinstall | Tcheck | Ttotal | Status | Flags |
---|---|---|---|---|---|---|
r-devel-linux-x86_64-debian-clang | 0.2.0 | 10.89 | 271.68 | 282.57 | OK | |
r-devel-linux-x86_64-debian-gcc | 0.2.0 | 8.69 | 204.13 | 212.82 | ERROR | |
r-devel-linux-x86_64-fedora-clang | 0.2.0 | 363.57 | OK | |||
r-devel-linux-x86_64-fedora-gcc | 0.2.0 | 349.07 | OK | |||
r-devel-windows-x86_64 | 0.2.0 | 11.00 | 345.00 | 356.00 | OK | |
r-patched-linux-x86_64 | 0.2.0 | 12.29 | 271.84 | 284.13 | OK | |
r-release-linux-x86_64 | 0.2.0 | 6.68 | 266.69 | 273.37 | OK | |
r-release-macos-arm64 | 0.2.0 | 174.00 | OK | |||
r-release-macos-x86_64 | 0.2.0 | 506.00 | OK | |||
r-release-windows-x86_64 | 0.2.0 | 11.00 | 350.00 | 361.00 | OK | |
r-oldrel-macos-arm64 | 0.2.0 | 176.00 | OK | |||
r-oldrel-macos-x86_64 | 0.2.0 | 396.00 | OK | |||
r-oldrel-windows-x86_64 | 0.2.0 | 12.00 | 454.00 | 466.00 | OK |
Version: 0.2.0
Check: tests
Result: ERROR
Running ‘testthat.R’ [77s/164s]
Running the tests in ‘tests/testthat.R’ failed.
Complete output:
> library(testthat)
> library(NeuroDecodeR)
>
> test_check("NeuroDecodeR")
|
| | 0%
|
|================== | 25%
|
|=================================== | 50%
|
|==================================================== | 75%
|
|======================================================================| 100%
|
| | 0%
|
|=================================== | 50%
|
|======================================================================| 100%
|
| | 0%
|
|=================================== | 50%
|
|======================================================================| 100%[1] "2024-06-20 17:39:19 CEST"
[1] 0.10714286 0.13888889 0.13888889 0.12301587 0.12301587 0.13095238
[7] 0.07539683 0.14682540 0.15873016 0.10714286 0.30952381 0.81349206
[13] 0.81746032 0.78571429 0.78968254 0.63492063 0.60714286 0.72619048
1 Mb
|
| | 0%
|
|=================================== | 50%
|
|======================================================================| 100%[ FAIL 1 | WARN 0 | SKIP 0 | PASS 160 ]
══ Failed tests ════════════════════════════════════════════════════════════════
── Failure ('test-datasources.R:423:3'): generalization_ds classification accuracy seem reasonable ──
dplyr::filter(accuracies, test_time == "baseline")$mean_accuracy is not strictly less than 0.3. Difference: 0.0333
[ FAIL 1 | WARN 0 | SKIP 0 | PASS 160 ]
Error: Test failures
Execution halted
Flavor: r-devel-linux-x86_64-debian-gcc