Last updated on 2024-07-13 11:49:19 CEST.
Flavor | Version | Tinstall | Tcheck | Ttotal | Status | Flags |
---|---|---|---|---|---|---|
r-devel-linux-x86_64-debian-clang | 0.9.6 | 20.85 | 154.95 | 175.80 | OK | |
r-devel-linux-x86_64-debian-gcc | 0.9.6 | 14.85 | 111.57 | 126.42 | OK | |
r-devel-linux-x86_64-fedora-clang | 0.9.6 | 215.12 | NOTE | |||
r-devel-linux-x86_64-fedora-gcc | 0.9.6 | 195.37 | OK | |||
r-devel-windows-x86_64 | 0.9.6 | 18.00 | 135.00 | 153.00 | NOTE | |
r-patched-linux-x86_64 | 0.9.6 | 18.26 | 144.07 | 162.33 | OK | |
r-release-linux-x86_64 | 0.9.6 | 13.86 | 143.78 | 157.64 | OK | |
r-release-macos-arm64 | 0.9.6 | 55.00 | OK | |||
r-release-macos-x86_64 | 0.9.6 | 80.00 | OK | |||
r-release-windows-x86_64 | 0.9.6 | 17.00 | 127.00 | 144.00 | OK | |
r-oldrel-macos-arm64 | 0.9.6 | 60.00 | OK | |||
r-oldrel-macos-x86_64 | 0.9.6 | 114.00 | OK | |||
r-oldrel-windows-x86_64 | 0.9.6 | 22.00 | 153.00 | 175.00 | OK |
Version: 0.9.6
Check: Rd cross-references
Result: NOTE
Undeclared package ‘pscl’ in Rd xrefs
Flavor: r-devel-linux-x86_64-fedora-clang
Version: 0.9.6
Check: Rd cross-references
Result: NOTE
Found the following Rd file(s) with Rd \link{} targets missing package
anchors:
FitMod.Rd: rpart
ModTools-package.Rd: lda, qda, multinom, rpart
Rules.Rd: path.rpart, rpart
Please provide package anchors for all Rd \link{} targets not in the
package itself and the base packages.
Flavor: r-devel-windows-x86_64