Last updated on 2024-06-27 16:49:09 CEST.
Flavor | Version | Tinstall | Tcheck | Ttotal | Status | Flags |
---|---|---|---|---|---|---|
r-devel-linux-x86_64-debian-clang | 1.30.0 | NOTE | ||||
r-devel-linux-x86_64-debian-gcc | 1.30.0 | 6.10 | 74.02 | 80.12 | NOTE | |
r-devel-linux-x86_64-fedora-clang | 1.30.0 | 132.98 | NOTE | |||
r-devel-linux-x86_64-fedora-gcc | 1.30.0 | 128.36 | NOTE | |||
r-devel-windows-x86_64 | 1.30.0 | 7.00 | 103.00 | 110.00 | NOTE | |
r-patched-linux-x86_64 | 1.30.0 | 8.22 | 94.75 | 102.97 | NOTE | |
r-release-linux-x86_64 | 1.30.0 | 8.51 | 94.89 | 103.40 | NOTE | |
r-release-macos-arm64 | 1.30.0 | 44.00 | NOTE | |||
r-release-macos-x86_64 | 1.30.0 | 64.00 | NOTE | |||
r-release-windows-x86_64 | 1.30.0 | 8.00 | 103.00 | 111.00 | NOTE | |
r-oldrel-macos-arm64 | 1.30.0 | 47.00 | NOTE | |||
r-oldrel-macos-x86_64 | 1.30.0 | 65.00 | NOTE | |||
r-oldrel-windows-x86_64 | 1.30.0 | 9.00 | 119.00 | 128.00 | NOTE |
Version: 1.30.0
Check: Rd files
Result: NOTE
checkRd: (-1) cardiac.Rd:15: Escaped LaTeX specials: \&
checkRd: (-1) plvol.Rd:14: Escaped LaTeX specials: \&
checkRd: (-1) sbp.Rd:16: Escaped LaTeX specials: \&
Flavors: r-devel-linux-x86_64-debian-clang, r-devel-linux-x86_64-debian-gcc, r-devel-linux-x86_64-fedora-clang, r-devel-linux-x86_64-fedora-gcc, r-devel-windows-x86_64, r-patched-linux-x86_64, r-release-linux-x86_64, r-release-macos-arm64, r-release-macos-x86_64, r-release-windows-x86_64, r-oldrel-macos-arm64, r-oldrel-macos-x86_64, r-oldrel-windows-x86_64
Version: 1.30.0
Check: HTML version of manual
Result: NOTE
Found the following HTML validation problems:
BA.est.html:149:32 (BA.est.Rd:121): Warning: trimming empty <code>
Flavors: r-devel-linux-x86_64-debian-clang, r-devel-linux-x86_64-debian-gcc, r-devel-linux-x86_64-fedora-clang, r-devel-linux-x86_64-fedora-gcc, r-devel-windows-x86_64, r-patched-linux-x86_64, r-release-linux-x86_64, r-release-windows-x86_64
Version: 1.30.0
Check: Rd cross-references
Result: NOTE
Undeclared package ‘R2WinBUGS’ in Rd xrefs
Flavor: r-devel-linux-x86_64-fedora-clang