Last updated on 2024-06-21 09:55:48 CEST.
Flavor | Version | Tinstall | Tcheck | Ttotal | Status | Flags |
---|---|---|---|---|---|---|
r-devel-linux-x86_64-debian-clang | 0.1.2 | 61.60 | 163.39 | 224.99 | OK | |
r-devel-linux-x86_64-debian-gcc | 0.1.2 | 52.92 | 128.36 | 181.28 | OK | |
r-devel-linux-x86_64-fedora-clang | 0.1.2 | 285.72 | OK | |||
r-devel-linux-x86_64-fedora-gcc | 0.1.2 | 280.19 | OK | |||
r-devel-windows-x86_64 | 0.1.2 | 58.00 | 149.00 | 207.00 | OK | |
r-patched-linux-x86_64 | 0.1.2 | 48.58 | 161.23 | 209.81 | OK | |
r-release-linux-x86_64 | 0.1.2 | 53.07 | 157.83 | 210.90 | OK | |
r-release-macos-arm64 | 0.1.2 | 101.00 | NOTE | |||
r-release-macos-x86_64 | 0.1.2 | 127.00 | NOTE | |||
r-release-windows-x86_64 | 0.1.2 | 59.00 | 151.00 | 210.00 | OK | |
r-oldrel-macos-arm64 | 0.1.2 | 103.00 | NOTE | |||
r-oldrel-macos-x86_64 | 0.1.2 | 229.00 | NOTE | |||
r-oldrel-windows-x86_64 | 0.1.2 | 72.00 | 185.00 | 257.00 | OK |
Version: 0.1.2
Check: installed package size
Result: NOTE
installed size is 5.5Mb
sub-directories of 1Mb or more:
R 5.3Mb
Flavors: r-release-macos-arm64, r-release-macos-x86_64, r-oldrel-macos-arm64, r-oldrel-macos-x86_64