Last updated on 2024-06-27 16:49:09 CEST.
Flavor | Version | Tinstall | Tcheck | Ttotal | Status | Flags |
---|---|---|---|---|---|---|
r-devel-linux-x86_64-debian-clang | 1.0.1 | NOTE | ||||
r-devel-linux-x86_64-debian-gcc | 1.0.1 | 1.82 | 30.80 | 32.62 | NOTE | |
r-devel-linux-x86_64-fedora-clang | 1.0.1 | 57.37 | NOTE | |||
r-devel-linux-x86_64-fedora-gcc | 1.0.1 | 67.79 | NOTE | |||
r-devel-windows-x86_64 | 1.0.1 | 3.00 | 54.00 | 57.00 | OK | |
r-patched-linux-x86_64 | 1.0.1 | 2.77 | 39.80 | 42.57 | NOTE | |
r-release-linux-x86_64 | 1.0.1 | 2.37 | 39.57 | 41.94 | NOTE | |
r-release-macos-arm64 | 1.0.1 | 27.00 | OK | |||
r-release-macos-x86_64 | 1.0.1 | 40.00 | OK | |||
r-release-windows-x86_64 | 1.0.1 | 4.00 | 55.00 | 59.00 | OK | |
r-oldrel-macos-arm64 | 1.0.1 | 29.00 | OK | |||
r-oldrel-macos-x86_64 | 1.0.1 | 38.00 | OK | |||
r-oldrel-windows-x86_64 | 1.0.1 | 4.00 | 64.00 | 68.00 | OK |
Version: 1.0.1
Check: for non-standard things in the check directory
Result: NOTE
Found the following files/directories:
‘MetProc_output.pdf’ ‘sample_removed.csv’ ‘sample_retained.csv’
Flavors: r-devel-linux-x86_64-debian-clang, r-devel-linux-x86_64-debian-gcc, r-devel-linux-x86_64-fedora-clang, r-devel-linux-x86_64-fedora-gcc, r-patched-linux-x86_64, r-release-linux-x86_64