Last updated on 2024-07-13 11:49:18 CEST.
Flavor | Version | Tinstall | Tcheck | Ttotal | Status | Flags |
---|---|---|---|---|---|---|
r-devel-linux-x86_64-debian-clang | 1.1.4 | 27.76 | 346.82 | 374.58 | OK | |
r-devel-linux-x86_64-debian-gcc | 1.1.4 | 19.90 | 266.00 | 285.90 | OK | |
r-devel-linux-x86_64-fedora-clang | 1.1.4 | 474.47 | OK | |||
r-devel-linux-x86_64-fedora-gcc | 1.1.4 | 512.11 | OK | |||
r-devel-windows-x86_64 | 1.1.4 | 23.00 | 275.00 | 298.00 | NOTE | |
r-patched-linux-x86_64 | 1.1.4 | 30.05 | 336.62 | 366.67 | OK | |
r-release-linux-x86_64 | 1.1.4 | 15.24 | 335.57 | 350.81 | OK | |
r-release-macos-arm64 | 1.1.4 | 135.00 | OK | |||
r-release-macos-x86_64 | 1.1.4 | 291.00 | OK | |||
r-release-windows-x86_64 | 1.1.4 | 22.00 | 274.00 | 296.00 | OK | |
r-oldrel-macos-arm64 | 1.1.4 | 148.00 | OK | |||
r-oldrel-macos-x86_64 | 1.1.4 | 328.00 | OK | |||
r-oldrel-windows-x86_64 | 1.1.4 | 29.00 | 346.00 | 375.00 | OK |
Version: 1.1.4
Check: Rd cross-references
Result: NOTE
Found the following Rd file(s) with Rd \link{} targets missing package
anchors:
Mercator-class.Rd: Rtsne, som, silhouette, umap
coloring.Rd: remap, Thresher
threshLGF.Rd: Thresher
Please provide package anchors for all Rd \link{} targets not in the
package itself and the base packages.
Flavor: r-devel-windows-x86_64