Last updated on 2024-07-13 05:49:18 CEST.
Flavor | Version | Tinstall | Tcheck | Ttotal | Status | Flags |
---|---|---|---|---|---|---|
r-devel-linux-x86_64-debian-clang | 0.8.6 | 8.06 | 120.17 | 128.23 | OK | |
r-devel-linux-x86_64-debian-gcc | 0.8.6 | 6.04 | 90.10 | 96.14 | OK | |
r-devel-linux-x86_64-fedora-clang | 0.8.6 | 157.79 | NOTE | |||
r-devel-linux-x86_64-fedora-gcc | 0.8.6 | 174.33 | NOTE | |||
r-devel-windows-x86_64 | 0.8.6 | 9.00 | 117.00 | 126.00 | OK | |
r-patched-linux-x86_64 | 0.8.6 | 7.32 | 117.22 | 124.54 | OK | |
r-release-linux-x86_64 | 0.8.6 | 5.12 | 117.21 | 122.33 | OK | |
r-release-macos-arm64 | 0.8.6 | 57.00 | OK | |||
r-release-macos-x86_64 | 0.8.6 | 86.00 | OK | |||
r-release-windows-x86_64 | 0.8.6 | 9.00 | 116.00 | 125.00 | OK | |
r-oldrel-macos-arm64 | 0.8.6 | 81.00 | OK | |||
r-oldrel-macos-x86_64 | 0.8.6 | 116.00 | OK | |||
r-oldrel-windows-x86_64 | 0.8.6 | 12.00 | 136.00 | 148.00 | OK |
Version: 0.8.6
Check: data for non-ASCII characters
Result: NOTE
Note: found 54 marked UTF-8 strings
Flavors: r-devel-linux-x86_64-fedora-clang, r-devel-linux-x86_64-fedora-gcc