Last updated on 2024-06-27 16:49:08 CEST.
Flavor | Version | Tinstall | Tcheck | Ttotal | Status | Flags |
---|---|---|---|---|---|---|
r-devel-linux-x86_64-debian-clang | 0.2.0 | OK | ||||
r-devel-linux-x86_64-debian-gcc | 0.2.0 | 28.51 | 261.63 | 290.14 | OK | |
r-devel-linux-x86_64-fedora-clang | 0.2.0 | 489.38 | NOTE | |||
r-devel-linux-x86_64-fedora-gcc | 0.2.0 | 475.30 | NOTE | |||
r-devel-windows-x86_64 | 0.2.0 | 28.00 | 218.00 | 246.00 | OK | |
r-patched-linux-x86_64 | 0.2.0 | 21.71 | 351.49 | 373.20 | OK | |
r-release-linux-x86_64 | 0.2.0 | 22.90 | 349.82 | 372.72 | OK | |
r-release-macos-arm64 | 0.2.0 | 132.00 | OK | |||
r-release-macos-x86_64 | 0.2.0 | 203.00 | OK | |||
r-release-windows-x86_64 | 0.2.0 | 29.00 | 228.00 | 257.00 | OK | |
r-oldrel-macos-arm64 | 0.2.0 | 151.00 | OK | |||
r-oldrel-macos-x86_64 | 0.2.0 | 219.00 | OK | |||
r-oldrel-windows-x86_64 | 0.2.0 | 37.00 | 306.00 | 343.00 | OK |
Version: 0.2.0
Check: data for non-ASCII characters
Result: NOTE
Note: found 18 marked UTF-8 strings
Flavors: r-devel-linux-x86_64-fedora-clang, r-devel-linux-x86_64-fedora-gcc