Last updated on 2024-06-27 16:49:08 CEST.
Flavor | Version | Tinstall | Tcheck | Ttotal | Status | Flags |
---|---|---|---|---|---|---|
r-devel-linux-x86_64-debian-clang | 0.1.15 | OK | ||||
r-devel-linux-x86_64-debian-gcc | 0.1.15 | 123.94 | 159.57 | 283.51 | OK | |
r-devel-linux-x86_64-fedora-clang | 0.1.15 | 505.06 | OK | |||
r-devel-linux-x86_64-fedora-gcc | 0.1.15 | 542.87 | OK | |||
r-devel-windows-x86_64 | 0.1.15 | 131.00 | 184.00 | 315.00 | OK | |
r-patched-linux-x86_64 | 0.1.15 | 146.86 | 214.05 | 360.91 | OK | |
r-release-linux-x86_64 | 0.1.15 | 143.82 | 215.38 | 359.20 | OK | |
r-release-macos-arm64 | 0.1.15 | 172.00 | NOTE | |||
r-release-macos-x86_64 | 0.1.15 | 211.00 | NOTE | |||
r-release-windows-x86_64 | 0.1.15 | 138.00 | 189.00 | 327.00 | OK | |
r-oldrel-macos-arm64 | 0.1.15 | 124.00 | NOTE | |||
r-oldrel-macos-x86_64 | 0.1.15 | 268.00 | NOTE | |||
r-oldrel-windows-x86_64 | 0.1.15 | 165.00 | 246.00 | 411.00 | OK |
Version: 0.1.15
Check: installed package size
Result: NOTE
installed size is 11.3Mb
sub-directories of 1Mb or more:
R 2.1Mb
libs 9.0Mb
Flavors: r-release-macos-arm64, r-release-macos-x86_64, r-oldrel-macos-arm64, r-oldrel-macos-x86_64