Last updated on 2024-06-27 16:49:08 CEST.
Flavor | Version | Tinstall | Tcheck | Ttotal | Status | Flags |
---|---|---|---|---|---|---|
r-devel-linux-x86_64-debian-clang | 1.7-0 | OK | ||||
r-devel-linux-x86_64-debian-gcc | 1.7-0 | 300.05 | 302.81 | 602.86 | OK | |
r-devel-linux-x86_64-fedora-clang | 1.7-0 | 1022.79 | OK | |||
r-devel-linux-x86_64-fedora-gcc | 1.7-0 | 1200.51 | OK | |||
r-devel-windows-x86_64 | 1.7-0 | 371.00 | 414.00 | 785.00 | OK | |
r-patched-linux-x86_64 | 1.7-0 | 357.97 | 392.45 | 750.42 | OK | |
r-release-linux-x86_64 | 1.7-0 | 348.81 | 410.26 | 759.07 | OK | |
r-release-macos-arm64 | 1.7-0 | 246.00 | OK | |||
r-release-macos-x86_64 | 1.7-0 | 457.00 | OK | |||
r-release-windows-x86_64 | 1.7-0 | 384.00 | 421.00 | 805.00 | OK | |
r-oldrel-macos-arm64 | 1.6-5 | 228.00 | NOTE | |||
r-oldrel-macos-x86_64 | 1.6-5 | 525.00 | NOTE | |||
r-oldrel-windows-x86_64 | 1.6-5 | 281.00 | 512.00 | 793.00 | OK |
Version: 1.6-5
Check: R code for possible problems
Result: NOTE
qr.X: no visible binding for global variable ‘R’
Undefined global functions or variables:
R
Flavors: r-oldrel-macos-arm64, r-oldrel-macos-x86_64