Last updated on 2024-06-21 15:52:56 CEST.
Flavor | Version | Tinstall | Tcheck | Ttotal | Status | Flags |
---|---|---|---|---|---|---|
r-devel-linux-x86_64-debian-clang | 4.5.5 | 104.03 | 215.11 | 319.14 | NOTE | |
r-devel-linux-x86_64-debian-gcc | 4.5.5 | 79.13 | 159.83 | 238.96 | NOTE | |
r-devel-linux-x86_64-fedora-clang | 4.5.5 | 467.98 | NOTE | |||
r-devel-linux-x86_64-fedora-gcc | 4.5.5 | 462.95 | NOTE | |||
r-devel-windows-x86_64 | 4.5.5 | 88.00 | 208.00 | 296.00 | NOTE | |
r-patched-linux-x86_64 | 4.5.5 | 95.06 | 203.53 | 298.59 | NOTE | |
r-release-linux-x86_64 | 4.5.5 | 102.77 | 204.66 | 307.43 | NOTE | |
r-release-macos-arm64 | 4.5.5 | 109.00 | NOTE | |||
r-release-macos-x86_64 | 4.5.5 | 191.00 | NOTE | |||
r-release-windows-x86_64 | 4.5.5 | 86.00 | 205.00 | 291.00 | NOTE | |
r-oldrel-macos-arm64 | 4.5.5 | 124.00 | NOTE | |||
r-oldrel-macos-x86_64 | 4.5.5 | 256.00 | NOTE | |||
r-oldrel-windows-x86_64 | 4.5.5 | 106.00 | 246.00 | 352.00 | NOTE |
Version: 4.5.5
Check: package dependencies
Result: NOTE
Package suggested but not available for checking: ‘gurobi’
Flavors: r-devel-linux-x86_64-debian-clang, r-devel-linux-x86_64-debian-gcc, r-devel-linux-x86_64-fedora-clang, r-devel-linux-x86_64-fedora-gcc, r-devel-windows-x86_64, r-patched-linux-x86_64, r-release-linux-x86_64, r-release-macos-arm64, r-release-macos-x86_64, r-release-windows-x86_64, r-oldrel-macos-arm64, r-oldrel-macos-x86_64, r-oldrel-windows-x86_64
Version: 4.5.5
Check: installed package size
Result: NOTE
installed size is 5.8Mb
sub-directories of 1Mb or more:
doc 1.4Mb
libs 3.3Mb
Flavors: r-release-macos-arm64, r-release-macos-x86_64, r-oldrel-macos-arm64, r-oldrel-macos-x86_64