Last updated on 2024-06-27 16:49:09 CEST.
Flavor | Version | Tinstall | Tcheck | Ttotal | Status | Flags |
---|---|---|---|---|---|---|
r-devel-linux-x86_64-debian-clang | 1.2.1 | OK | ||||
r-devel-linux-x86_64-debian-gcc | 1.2.1 | 54.14 | 141.12 | 195.26 | OK | |
r-devel-linux-x86_64-fedora-clang | 1.2.1 | 344.73 | OK | |||
r-devel-linux-x86_64-fedora-gcc | 1.2.1 | 331.25 | OK | |||
r-devel-windows-x86_64 | 1.2.1 | 58.00 | 169.00 | 227.00 | OK | |
r-patched-linux-x86_64 | 1.2.1 | 64.24 | 192.43 | 256.67 | OK | |
r-release-linux-x86_64 | 1.2.1 | 65.40 | 191.75 | 257.15 | OK | |
r-release-macos-arm64 | 1.2.1 | 79.00 | NOTE | |||
r-release-macos-x86_64 | 1.2.1 | 167.00 | NOTE | |||
r-release-windows-x86_64 | 1.2.1 | 57.00 | 173.00 | 230.00 | OK | |
r-oldrel-macos-arm64 | 1.2.1 | 90.00 | OK | |||
r-oldrel-macos-x86_64 | 1.2.1 | 148.00 | OK | |||
r-oldrel-windows-x86_64 | 1.2.1 | 74.00 | 216.00 | 290.00 | OK |
Version: 1.2.1
Check: installed package size
Result: NOTE
installed size is 5.2Mb
sub-directories of 1Mb or more:
libs 4.3Mb
Flavors: r-release-macos-arm64, r-release-macos-x86_64