Last updated on 2024-06-27 16:49:09 CEST.
Flavor | Version | Tinstall | Tcheck | Ttotal | Status | Flags |
---|---|---|---|---|---|---|
r-devel-linux-x86_64-debian-clang | 3.0 | OK | ||||
r-devel-linux-x86_64-debian-gcc | 3.0 | 29.16 | 107.01 | 136.17 | OK | |
r-devel-linux-x86_64-fedora-clang | 3.0 | 240.21 | NOTE | |||
r-devel-linux-x86_64-fedora-gcc | 3.0 | 216.99 | NOTE | |||
r-devel-windows-x86_64 | 3.0 | 27.00 | 106.00 | 133.00 | OK | |
r-patched-linux-x86_64 | 3.0 | 30.20 | 147.22 | 177.42 | OK | |
r-release-linux-x86_64 | 3.0 | 31.57 | 149.19 | 180.76 | OK | |
r-release-macos-arm64 | 3.0 | 55.00 | OK | |||
r-release-macos-x86_64 | 3.0 | 80.00 | OK | |||
r-release-windows-x86_64 | 3.0 | 28.00 | 106.00 | 134.00 | OK | |
r-oldrel-macos-arm64 | 3.0 | 60.00 | OK | |||
r-oldrel-macos-x86_64 | 3.0 | 93.00 | OK | |||
r-oldrel-windows-x86_64 | 3.0 | 35.00 | 131.00 | 166.00 | OK |
Version: 3.0
Check: dependencies in R code
Result: NOTE
Namespaces in Imports field not imported from:
‘datasets’ ‘grDevices’ ‘graphics’ ‘iterators’ ‘methods’
All declared Imports should be used.
Flavors: r-devel-linux-x86_64-fedora-clang, r-devel-linux-x86_64-fedora-gcc