Last updated on 2024-06-27 16:49:09 CEST.
Flavor | Version | Tinstall | Tcheck | Ttotal | Status | Flags |
---|---|---|---|---|---|---|
r-devel-linux-x86_64-debian-clang | 1.9 | OK | ||||
r-devel-linux-x86_64-debian-gcc | 1.9 | 10.08 | 88.23 | 98.31 | OK | |
r-devel-linux-x86_64-fedora-clang | 1.9 | 169.07 | NOTE | |||
r-devel-linux-x86_64-fedora-gcc | 1.9 | 179.84 | OK | |||
r-devel-windows-x86_64 | 1.9 | 11.00 | 108.00 | 119.00 | OK | |
r-patched-linux-x86_64 | 1.9 | 13.49 | 116.78 | 130.27 | OK | |
r-release-linux-x86_64 | 1.9 | 10.56 | 116.32 | 126.88 | OK | |
r-release-macos-arm64 | 1.9 | 44.00 | OK | |||
r-release-macos-x86_64 | 1.9 | 79.00 | OK | |||
r-release-windows-x86_64 | 1.9 | 13.00 | 109.00 | 122.00 | OK | |
r-oldrel-macos-arm64 | 1.9 | 51.00 | OK | |||
r-oldrel-macos-x86_64 | 1.9 | 88.00 | NOTE | |||
r-oldrel-windows-x86_64 | 1.9 | 14.00 | 129.00 | 143.00 | OK |
Version: 1.9
Check: Rd cross-references
Result: NOTE
Undeclared packages ‘rms’, ‘Hmisc’, ‘genefilter’ in Rd xrefs
Flavor: r-devel-linux-x86_64-fedora-clang
Version: 1.9
Check: Rd cross-references
Result: NOTE
Package unavailable to check Rd xrefs: ‘genefilter’
Flavor: r-oldrel-macos-x86_64