Last updated on 2024-07-13 05:49:18 CEST.
Flavor | Version | Tinstall | Tcheck | Ttotal | Status | Flags |
---|---|---|---|---|---|---|
r-devel-linux-x86_64-debian-clang | 1.4.0 | 25.21 | 332.44 | 357.65 | OK | |
r-devel-linux-x86_64-debian-gcc | 1.4.0 | 22.08 | 247.75 | 269.83 | OK | |
r-devel-linux-x86_64-fedora-clang | 1.4.0 | 451.73 | OK | |||
r-devel-linux-x86_64-fedora-gcc | 1.4.0 | 440.44 | OK | |||
r-devel-windows-x86_64 | 1.4.0 | 23.00 | 246.00 | 269.00 | OK | |
r-patched-linux-x86_64 | 1.4.0 | 23.62 | 326.66 | 350.28 | OK | |
r-release-linux-x86_64 | 1.4.0 | 24.31 | 318.29 | 342.60 | OK | |
r-release-macos-arm64 | 1.4.0 | 122.00 | NOTE | |||
r-release-macos-x86_64 | 1.4.0 | 193.00 | NOTE | |||
r-release-windows-x86_64 | 1.4.0 | 23.00 | 249.00 | 272.00 | OK | |
r-oldrel-macos-arm64 | 1.4.0 | 135.00 | NOTE | |||
r-oldrel-macos-x86_64 | 1.4.0 | 214.00 | NOTE | |||
r-oldrel-windows-x86_64 | 1.4.0 | 33.00 | 324.00 | 357.00 | NOTE |
Version: 1.4.0
Check: package dependencies
Result: NOTE
Packages suggested but not available for checking:
'BSgenome.Hsapiens.NCBI.GRCh38', 'org.Mm.eg.db', 'wiggleplotr'
Flavors: r-release-macos-arm64, r-oldrel-macos-x86_64
Version: 1.4.0
Check: package dependencies
Result: NOTE
Packages suggested but not available for checking:
'BSgenome.Hsapiens.NCBI.GRCh38', 'wiggleplotr'
Flavor: r-release-macos-x86_64
Version: 1.4.0
Check: package dependencies
Result: NOTE
Packages suggested but not available for checking:
'BSgenome.Hsapiens.NCBI.GRCh38', 'clusterProfiler', 'org.Mm.eg.db',
'wiggleplotr'
Flavor: r-oldrel-macos-arm64
Version: 1.4.0
Check: package dependencies
Result: NOTE
Package suggested but not available for checking: 'BSgenome.Hsapiens.NCBI.GRCh38'
Flavor: r-oldrel-windows-x86_64