Last updated on 2024-07-13 11:49:18 CEST.
Flavor | Version | Tinstall | Tcheck | Ttotal | Status | Flags |
---|---|---|---|---|---|---|
r-devel-linux-x86_64-debian-clang | 1.1.1 | 33.65 | 51.80 | 85.45 | OK | |
r-devel-linux-x86_64-debian-gcc | 1.1.1 | 22.90 | 40.25 | 63.15 | OK | |
r-devel-linux-x86_64-fedora-clang | 1.1.1 | 119.45 | OK | |||
r-devel-linux-x86_64-fedora-gcc | 1.1.1 | 126.63 | OK | |||
r-devel-windows-x86_64 | 1.1.1 | 28.00 | 77.00 | 105.00 | NOTE | |
r-patched-linux-x86_64 | 1.1.1 | 25.89 | 51.87 | 77.76 | OK | |
r-release-linux-x86_64 | 1.1.1 | 28.83 | 49.67 | 78.50 | OK | |
r-release-macos-arm64 | 1.1.1 | 37.00 | NOTE | |||
r-release-macos-x86_64 | 1.1.1 | 54.00 | NOTE | |||
r-release-windows-x86_64 | 1.1.1 | 28.00 | 78.00 | 106.00 | NOTE | |
r-oldrel-macos-arm64 | 1.1.1 | 41.00 | NOTE | |||
r-oldrel-macos-x86_64 | 1.1.1 | 60.00 | NOTE | |||
r-oldrel-windows-x86_64 | 1.1.1 | 34.00 | 91.00 | 125.00 | NOTE |
Version: 1.1.1
Check: installed package size
Result: NOTE
installed size is 5.5Mb
sub-directories of 1Mb or more:
extdata 4.5Mb
Flavors: r-devel-windows-x86_64, r-release-macos-arm64, r-release-macos-x86_64, r-release-windows-x86_64, r-oldrel-macos-arm64, r-oldrel-macos-x86_64, r-oldrel-windows-x86_64