Last updated on 2024-06-27 10:49:35 CEST.
Flavor | Version | Tinstall | Tcheck | Ttotal | Status | Flags |
---|---|---|---|---|---|---|
r-devel-linux-x86_64-debian-clang | 1.1.1 | OK | ||||
r-devel-linux-x86_64-debian-gcc | 1.1.1 | 22.74 | 40.33 | 63.07 | OK | |
r-devel-linux-x86_64-fedora-clang | 1.1.1 | 119.45 | OK | |||
r-devel-linux-x86_64-fedora-gcc | 1.1.1 | 126.66 | OK | |||
r-devel-windows-x86_64 | 1.1.1 | 28.00 | 76.00 | 104.00 | NOTE | |
r-patched-linux-x86_64 | 1.1.1 | 25.23 | 51.02 | 76.25 | OK | |
r-release-linux-x86_64 | 1.1.1 | 28.66 | 51.81 | 80.47 | OK | |
r-release-macos-arm64 | 1.1.1 | 37.00 | NOTE | |||
r-release-macos-x86_64 | 1.1.1 | 54.00 | NOTE | |||
r-release-windows-x86_64 | 1.1.1 | 31.00 | 79.00 | 110.00 | NOTE | |
r-oldrel-macos-arm64 | 1.1.1 | 41.00 | NOTE | |||
r-oldrel-macos-x86_64 | 1.1.1 | 60.00 | NOTE | |||
r-oldrel-windows-x86_64 | 1.1.1 | 35.00 | 91.00 | 126.00 | NOTE |
Version: 1.1.1
Check: installed package size
Result: NOTE
installed size is 5.5Mb
sub-directories of 1Mb or more:
extdata 4.5Mb
Flavors: r-devel-windows-x86_64, r-release-macos-arm64, r-release-macos-x86_64, r-release-windows-x86_64, r-oldrel-macos-arm64, r-oldrel-macos-x86_64, r-oldrel-windows-x86_64