Last updated on 2024-07-13 05:49:17 CEST.
Flavor | Version | Tinstall | Tcheck | Ttotal | Status | Flags |
---|---|---|---|---|---|---|
r-devel-linux-x86_64-debian-clang | 1.1 | 6.28 | 51.07 | 57.35 | NOTE | |
r-devel-linux-x86_64-debian-gcc | 1.1 | 5.04 | 40.02 | 45.06 | NOTE | |
r-devel-linux-x86_64-fedora-clang | 1.1 | 75.03 | NOTE | |||
r-devel-linux-x86_64-fedora-gcc | 1.1 | 82.94 | NOTE | |||
r-devel-windows-x86_64 | 1.1 | 7.00 | 76.00 | 83.00 | OK | |
r-patched-linux-x86_64 | 1.1 | 5.86 | 49.53 | 55.39 | NOTE | |
r-release-linux-x86_64 | 1.1 | 6.32 | 50.69 | 57.01 | NOTE | |
r-release-macos-arm64 | 1.1 | 32.00 | OK | |||
r-release-macos-x86_64 | 1.1 | 49.00 | OK | |||
r-release-windows-x86_64 | 1.1 | 6.00 | 73.00 | 79.00 | OK | |
r-oldrel-macos-arm64 | 1.1 | 35.00 | OK | |||
r-oldrel-macos-x86_64 | 1.1 | 50.00 | NOTE | |||
r-oldrel-windows-x86_64 | 1.1 | 8.00 | 77.00 | 85.00 | OK |
Version: 1.1
Check: for non-standard things in the check directory
Result: NOTE
Found the following files/directories:
‘tTestTable.rda’
Flavors: r-devel-linux-x86_64-debian-clang, r-devel-linux-x86_64-debian-gcc, r-devel-linux-x86_64-fedora-clang, r-devel-linux-x86_64-fedora-gcc, r-patched-linux-x86_64, r-release-linux-x86_64
Version: 1.1
Check: package dependencies
Result: NOTE
Package suggested but not available for checking: ‘graph’
Flavor: r-oldrel-macos-x86_64