Last updated on 2024-07-13 11:49:17 CEST.
Flavor | Version | Tinstall | Tcheck | Ttotal | Status | Flags |
---|---|---|---|---|---|---|
r-devel-linux-x86_64-debian-clang | 1.0.1 | 9.74 | 117.73 | 127.47 | OK | |
r-devel-linux-x86_64-debian-gcc | 1.0.1 | 7.34 | 85.73 | 93.07 | OK | |
r-devel-linux-x86_64-fedora-clang | 1.0.1 | 160.71 | NOTE | |||
r-devel-linux-x86_64-fedora-gcc | 1.0.1 | 166.73 | NOTE | |||
r-devel-windows-x86_64 | 1.0.1 | 10.00 | 98.00 | 108.00 | OK | |
r-patched-linux-x86_64 | 1.0.1 | 9.90 | 112.44 | 122.34 | OK | |
r-release-linux-x86_64 | 1.0.1 | 5.87 | 109.75 | 115.62 | OK | |
r-release-macos-arm64 | 1.0.1 | 50.00 | OK | |||
r-release-macos-x86_64 | 1.0.1 | 105.00 | OK | |||
r-release-windows-x86_64 | 1.0.1 | 10.00 | 94.00 | 104.00 | OK | |
r-oldrel-macos-arm64 | 1.0.1 | 48.00 | OK | |||
r-oldrel-macos-x86_64 | 1.0.1 | 100.00 | OK | |||
r-oldrel-windows-x86_64 | 1.0.1 | 11.00 | 113.00 | 124.00 | OK |
Version: 1.0.1
Check: dependencies in R code
Result: NOTE
Namespaces in Imports field not imported from:
‘itertools’ ‘knitr’ ‘utils’
All declared Imports should be used.
Flavors: r-devel-linux-x86_64-fedora-clang, r-devel-linux-x86_64-fedora-gcc