Last updated on 2024-07-13 11:49:17 CEST.
Flavor | Version | Tinstall | Tcheck | Ttotal | Status | Flags |
---|---|---|---|---|---|---|
r-devel-linux-x86_64-debian-clang | 1.0.2 | 4.59 | 29.32 | 33.91 | OK | |
r-devel-linux-x86_64-debian-gcc | 1.0.2 | 3.65 | 23.02 | 26.67 | OK | |
r-devel-linux-x86_64-fedora-clang | 1.0.2 | 42.37 | OK | |||
r-devel-linux-x86_64-fedora-gcc | 1.0.2 | 40.13 | OK | |||
r-devel-windows-x86_64 | 1.0.2 | 4.00 | 44.00 | 48.00 | NOTE | |
r-patched-linux-x86_64 | 1.0.2 | 7.73 | 28.66 | 36.39 | OK | |
r-release-linux-x86_64 | 1.0.2 | 3.54 | 28.34 | 31.88 | OK | |
r-release-macos-arm64 | 1.0.2 | 17.00 | OK | |||
r-release-macos-x86_64 | 1.0.2 | 31.00 | OK | |||
r-release-windows-x86_64 | 1.0.2 | 5.00 | 43.00 | 48.00 | OK | |
r-oldrel-macos-arm64 | 1.0.2 | 21.00 | OK | |||
r-oldrel-macos-x86_64 | 1.0.2 | 25.00 | OK | |||
r-oldrel-windows-x86_64 | 1.0.2 | 6.00 | 46.00 | 52.00 | OK |
Version: 1.0.2
Check: Rd cross-references
Result: NOTE
Found the following Rd file(s) with Rd \link{} targets missing package
anchors:
Lightning.Rd: R6Class
Please provide package anchors for all Rd \link{} targets not in the
package itself and the base packages.
Flavor: r-devel-windows-x86_64