Last updated on 2024-06-27 16:49:08 CEST.
Flavor | Version | Tinstall | Tcheck | Ttotal | Status | Flags |
---|---|---|---|---|---|---|
r-devel-linux-x86_64-debian-clang | 0.1.3 | NOTE | ||||
r-devel-linux-x86_64-debian-gcc | 0.1.3 | 6.91 | 63.04 | 69.95 | NOTE | |
r-devel-linux-x86_64-fedora-clang | 0.1.3 | 121.49 | NOTE | |||
r-devel-linux-x86_64-fedora-gcc | 0.1.3 | 115.24 | NOTE | |||
r-devel-windows-x86_64 | 0.1.3 | 9.00 | 79.00 | 88.00 | NOTE | |
r-patched-linux-x86_64 | 0.1.3 | 7.07 | 79.05 | 86.12 | NOTE | |
r-release-linux-x86_64 | 0.1.3 | 7.00 | 79.82 | 86.82 | NOTE | |
r-release-macos-arm64 | 0.1.3 | 36.00 | NOTE | |||
r-release-macos-x86_64 | 0.1.3 | 48.00 | NOTE | |||
r-release-windows-x86_64 | 0.1.3 | 9.00 | 80.00 | 89.00 | NOTE | |
r-oldrel-macos-arm64 | 0.1.3 | 35.00 | NOTE | |||
r-oldrel-macos-x86_64 | 0.1.3 | 54.00 | NOTE | |||
r-oldrel-windows-x86_64 | 0.1.3 | 12.00 | 96.00 | 108.00 | NOTE |
Version: 0.1.3
Check: LazyData
Result: NOTE
'LazyData' is specified without a 'data' directory
Flavors: r-devel-linux-x86_64-debian-clang, r-devel-linux-x86_64-debian-gcc, r-devel-linux-x86_64-fedora-clang, r-devel-linux-x86_64-fedora-gcc, r-devel-windows-x86_64, r-patched-linux-x86_64, r-release-linux-x86_64, r-release-macos-arm64, r-release-macos-x86_64, r-release-windows-x86_64, r-oldrel-macos-arm64, r-oldrel-macos-x86_64, r-oldrel-windows-x86_64