Last updated on 2024-06-21 15:52:55 CEST.
Flavor | Version | Tinstall | Tcheck | Ttotal | Status | Flags |
---|---|---|---|---|---|---|
r-devel-linux-x86_64-debian-clang | 1.0.7 | 52.19 | 82.52 | 134.71 | OK | |
r-devel-linux-x86_64-debian-gcc | 1.0.7 | 38.05 | 61.75 | 99.80 | OK | |
r-devel-linux-x86_64-fedora-clang | 1.0.7 | 182.87 | NOTE | |||
r-devel-linux-x86_64-fedora-gcc | 1.0.7 | 197.60 | NOTE | |||
r-devel-windows-x86_64 | 1.0.7 | 45.00 | 100.00 | 145.00 | OK | |
r-patched-linux-x86_64 | 1.0.7 | 50.24 | 79.11 | 129.35 | OK | |
r-release-linux-x86_64 | 1.0.7 | 44.93 | 78.27 | 123.20 | OK | |
r-release-macos-arm64 | 1.0.7 | 54.00 | OK | |||
r-release-macos-x86_64 | 1.0.7 | 76.00 | OK | |||
r-release-windows-x86_64 | 1.0.7 | 47.00 | 105.00 | 152.00 | OK | |
r-oldrel-macos-arm64 | 1.0.7 | 56.00 | OK | |||
r-oldrel-macos-x86_64 | 1.0.7 | 97.00 | OK | |||
r-oldrel-windows-x86_64 | 1.0.7 | 55.00 | 118.00 | 173.00 | OK |
Version: 1.0.7
Check: dependencies in R code
Result: NOTE
Namespaces in Imports field not imported from:
‘agridat’ ‘ggplot2’ ‘maps’ ‘sf’
All declared Imports should be used.
Flavors: r-devel-linux-x86_64-fedora-clang, r-devel-linux-x86_64-fedora-gcc