Last updated on 2024-06-27 16:49:07 CEST.
Flavor | Version | Tinstall | Tcheck | Ttotal | Status | Flags |
---|---|---|---|---|---|---|
r-devel-linux-x86_64-debian-clang | 1.0.3 | OK | ||||
r-devel-linux-x86_64-debian-gcc | 1.0.3 | 446.14 | 150.95 | 597.09 | OK | |
r-devel-linux-x86_64-fedora-clang | 1.0.3 | 999.64 | OK | |||
r-devel-linux-x86_64-fedora-gcc | 1.0.3 | 1208.59 | OK | |||
r-devel-windows-x86_64 | 1.0.3 | 393.00 | 168.00 | 561.00 | OK | |
r-patched-linux-x86_64 | 1.0.3 | 419.92 | 194.45 | 614.37 | OK | |
r-release-linux-x86_64 | 1.0.3 | 542.95 | 200.58 | 743.53 | OK | |
r-release-macos-arm64 | 1.0.3 | 221.00 | NOTE | |||
r-release-macos-x86_64 | 1.0.3 | 199.00 | NOTE | |||
r-release-windows-x86_64 | 1.0.3 | 399.00 | 168.00 | 567.00 | OK | |
r-oldrel-macos-arm64 | 1.0.3 | 205.00 | NOTE | |||
r-oldrel-macos-x86_64 | 1.0.3 | 217.00 | NOTE | |||
r-oldrel-windows-x86_64 | 1.0.3 | 464.00 | 210.00 | 674.00 | OK |
Version: 1.0.3
Check: installed package size
Result: NOTE
installed size is 40.0Mb
sub-directories of 1Mb or more:
libs 39.5Mb
Flavors: r-release-macos-arm64, r-release-macos-x86_64, r-oldrel-macos-arm64, r-oldrel-macos-x86_64