Last updated on 2024-06-21 15:52:54 CEST.
Flavor | Version | Tinstall | Tcheck | Ttotal | Status | Flags |
---|---|---|---|---|---|---|
r-devel-linux-x86_64-debian-clang | 1.6 | 15.14 | 123.12 | 138.26 | OK | |
r-devel-linux-x86_64-debian-gcc | 1.6 | 11.46 | 89.52 | 100.98 | OK | |
r-devel-linux-x86_64-fedora-clang | 1.6 | 171.14 | NOTE | |||
r-devel-linux-x86_64-fedora-gcc | 1.6 | 182.16 | NOTE | |||
r-devel-windows-x86_64 | 1.6 | 13.00 | 93.00 | 106.00 | OK | |
r-patched-linux-x86_64 | 1.6 | 14.92 | 121.19 | 136.11 | OK | |
r-release-linux-x86_64 | 1.6 | 13.31 | 116.67 | 129.98 | OK | |
r-release-macos-arm64 | 1.6 | 53.00 | OK | |||
r-release-macos-x86_64 | 1.6 | 74.00 | OK | |||
r-release-windows-x86_64 | 1.6 | 12.00 | 96.00 | 108.00 | OK | |
r-oldrel-macos-arm64 | 1.6 | 57.00 | OK | |||
r-oldrel-macos-x86_64 | 1.6 | 105.00 | OK | |||
r-oldrel-windows-x86_64 | 1.6 | 14.00 | 108.00 | 122.00 | OK |
Version: 1.6
Check: dependencies in R code
Result: NOTE
Namespace in Imports field not imported from: ‘svglite’
All declared Imports should be used.
Flavors: r-devel-linux-x86_64-fedora-clang, r-devel-linux-x86_64-fedora-gcc