Last updated on 2024-07-13 11:49:16 CEST.
Flavor | Version | Tinstall | Tcheck | Ttotal | Status | Flags |
---|---|---|---|---|---|---|
r-devel-linux-x86_64-debian-clang | 0.7.4 | 10.99 | 2022.40 | 2033.39 | OK | |
r-devel-linux-x86_64-debian-gcc | 0.7.4 | 5.60 | 1380.31 | 1385.91 | OK | |
r-devel-linux-x86_64-fedora-clang | 0.7.4 | 2266.85 | OK | |||
r-devel-linux-x86_64-fedora-gcc | 0.7.4 | 2203.59 | OK | |||
r-devel-windows-x86_64 | 0.7.4 | 9.00 | 881.00 | 890.00 | OK | |
r-patched-linux-x86_64 | 0.7.4 | 5.58 | 1899.23 | 1904.81 | OK | |
r-release-linux-x86_64 | 0.7.4 | 5.76 | 1848.69 | 1854.45 | OK | |
r-release-macos-arm64 | 0.7.4 | 382.00 | OK | |||
r-release-macos-x86_64 | 0.7.4 | 755.00 | OK | |||
r-release-windows-x86_64 | 0.7.4 | 9.00 | 904.00 | 913.00 | OK | |
r-oldrel-macos-arm64 | 0.7.4 | 894.00 | ERROR | |||
r-oldrel-macos-x86_64 | 0.7.4 | 1018.00 | ERROR | |||
r-oldrel-windows-x86_64 | 0.7.4 | 10.00 | 1279.00 | 1289.00 | OK |
Version: 0.7.4
Check: running R code from vignettes
Result: ERROR
Errors in running code in vignettes:
when running code in ‘a02_Creating_denominator_populations.Rmd’
...
> library(knitr)
> library(here)
here() starts at /private/var/folders/k4/0jwzxmln0nb8y6rkzprptb640000gq/T/RtmpcTQilL/file7b9830196460/vignettes
> knitr::include_graphics(here("vignettes/dpop1.png"))
When sourcing ‘a02_Creating_denominator_populations.R’:
Error: Cannot find the file(s): "/private/var/folders/k4/0jwzxmln0nb8y6rkzprptb640000gq/T/RtmpcTQilL/file7b9830196460/vignettes/vignettes/dpop1.png"
Execution halted
when running code in ‘a04_Calculating_prevalence.Rmd’
...
+ "macOS")
> library(here)
here() starts at /private/var/folders/k4/0jwzxmln0nb8y6rkzprptb640000gq/T/RtmpDHp4y7/file93b16f60923a/vignettes
> knitr::include_graphics(here("vignettes/point_prev.png"))
When sourcing ‘a04_Calculating_prevalence.R’:
Error: Cannot find the file(s): "/private/var/folders/k4/0jwzxmln0nb8y6rkzprptb640000gq/T/RtmpDHp4y7/file93b16f60923a/vignettes/vignettes/point_prev.png"
Execution halted
when running code in ‘a05_Calculating_incidence.Rmd’
...
+ "macOS")
> library(here)
here() starts at /private/var/folders/k4/0jwzxmln0nb8y6rkzprptb640000gq/T/RtmpzgZPhu/file94355a2ed6cf/vignettes
> knitr::include_graphics(here("vignettes/inc_no_rep_no_washout.png"))
When sourcing ‘a05_Calculating_incidence.R’:
Error: Cannot find the file(s): "/private/var/folders/k4/0jwzxmln0nb8y6rkzprptb640000gq/T/RtmpzgZPhu/file94355a2ed6cf/vignettes/vignettes/inc_no_rep_no_washout.png"
Execution halted
‘a01_Introduction_to_IncidencePrevalence.Rmd’ using ‘UTF-8’... [26s/52s] OK
‘a02_Creating_denominator_populations.Rmd’ using ‘UTF-8’... failed
‘a03_Creating_target_denominator_populations.Rmd’ using ‘UTF-8’... [14s/29s] OK
‘a04_Calculating_prevalence.Rmd’ using ‘UTF-8’... failed
‘a05_Calculating_incidence.Rmd’ using ‘UTF-8’... failed
‘a06_Plotting_options.Rmd’ using ‘UTF-8’... [11s/21s] OK
Flavor: r-oldrel-macos-arm64
Version: 0.7.4
Check: running R code from vignettes
Result: ERROR
Errors in running code in vignettes:
when running code in ‘a02_Creating_denominator_populations.Rmd’
...
> library(knitr)
> library(here)
here() starts at /private/var/folders/2b/t0kwbtmn3p7brv2mvx39c9cr0000gn/T/RtmpETjW28/file114723317205/vignettes
> knitr::include_graphics(here("vignettes/dpop1.png"))
When sourcing ‘a02_Creating_denominator_populations.R’:
Error: Cannot find the file(s): "/private/var/folders/2b/t0kwbtmn3p7brv2mvx39c9cr0000gn/T/RtmpETjW28/file114723317205/vignettes/vignettes/dpop1.png"
Execution halted
when running code in ‘a04_Calculating_prevalence.Rmd’
...
+ "macOS")
> library(here)
here() starts at /private/var/folders/2b/t0kwbtmn3p7brv2mvx39c9cr0000gn/T/RtmpoUSGkm/file27813f0755c8/vignettes
> knitr::include_graphics(here("vignettes/point_prev.png"))
When sourcing ‘a04_Calculating_prevalence.R’:
Error: Cannot find the file(s): "/private/var/folders/2b/t0kwbtmn3p7brv2mvx39c9cr0000gn/T/RtmpoUSGkm/file27813f0755c8/vignettes/vignettes/point_prev.png"
Execution halted
when running code in ‘a05_Calculating_incidence.Rmd’
...
+ "macOS")
> library(here)
here() starts at /private/var/folders/2b/t0kwbtmn3p7brv2mvx39c9cr0000gn/T/RtmpUt7t3u/file285067c1f3da/vignettes
> knitr::include_graphics(here("vignettes/inc_no_rep_no_washout.png"))
When sourcing ‘a05_Calculating_incidence.R’:
Error: Cannot find the file(s): "/private/var/folders/2b/t0kwbtmn3p7brv2mvx39c9cr0000gn/T/RtmpUt7t3u/file285067c1f3da/vignettes/vignettes/inc_no_rep_no_washout.png"
Execution halted
‘a01_Introduction_to_IncidencePrevalence.Rmd’ using ‘UTF-8’... [38s/72s] OK
‘a02_Creating_denominator_populations.Rmd’ using ‘UTF-8’... failed
‘a03_Creating_target_denominator_populations.Rmd’ using ‘UTF-8’... [21s/41s] OK
‘a04_Calculating_prevalence.Rmd’ using ‘UTF-8’... failed
‘a05_Calculating_incidence.Rmd’ using ‘UTF-8’... failed
‘a06_Plotting_options.Rmd’ using ‘UTF-8’... [17s/32s] OK
Flavor: r-oldrel-macos-x86_64