Last updated on 2024-06-27 16:49:06 CEST.
Flavor | Version | Tinstall | Tcheck | Ttotal | Status | Flags |
---|---|---|---|---|---|---|
r-devel-linux-x86_64-debian-clang | 0.1.0 | NOTE | ||||
r-devel-linux-x86_64-debian-gcc | 0.1.0 | 3.45 | 62.03 | 65.48 | NOTE | |
r-devel-linux-x86_64-fedora-clang | 0.1.0 | 115.80 | NOTE | |||
r-devel-linux-x86_64-fedora-gcc | 0.1.0 | 111.17 | NOTE | |||
r-devel-windows-x86_64 | 0.1.0 | 4.00 | 122.00 | 126.00 | NOTE | |
r-patched-linux-x86_64 | 0.1.0 | 4.61 | 86.18 | 90.79 | NOTE | |
r-release-linux-x86_64 | 0.1.0 | 4.30 | 88.53 | 92.83 | NOTE | |
r-release-macos-arm64 | 0.1.0 | 40.00 | NOTE | |||
r-release-macos-x86_64 | 0.1.0 | 61.00 | NOTE | |||
r-release-windows-x86_64 | 0.1.0 | 4.00 | 127.00 | 131.00 | NOTE | |
r-oldrel-macos-arm64 | 0.1.0 | 38.00 | NOTE | |||
r-oldrel-macos-x86_64 | 0.1.0 | 59.00 | NOTE | |||
r-oldrel-windows-x86_64 | 0.1.0 | 4.00 | 106.00 | 110.00 | NOTE |
Version: 0.1.0
Check: LazyData
Result: NOTE
'LazyData' is specified without a 'data' directory
Flavors: r-devel-linux-x86_64-debian-clang, r-devel-linux-x86_64-debian-gcc, r-devel-linux-x86_64-fedora-clang, r-devel-linux-x86_64-fedora-gcc, r-devel-windows-x86_64, r-patched-linux-x86_64, r-release-linux-x86_64, r-release-macos-arm64, r-release-macos-x86_64, r-release-windows-x86_64, r-oldrel-macos-arm64, r-oldrel-macos-x86_64, r-oldrel-windows-x86_64