Last updated on 2024-06-27 10:49:33 CEST.
Flavor | Version | Tinstall | Tcheck | Ttotal | Status | Flags |
---|---|---|---|---|---|---|
r-devel-linux-x86_64-debian-clang | 0.1.0 | OK | ||||
r-devel-linux-x86_64-debian-gcc | 0.1.0 | 13.29 | 103.67 | 116.96 | OK | |
r-devel-linux-x86_64-fedora-clang | 0.1.0 | 198.49 | OK | |||
r-devel-linux-x86_64-fedora-gcc | 0.1.0 | 199.19 | OK | |||
r-devel-windows-x86_64 | 0.1.0 | 16.00 | 112.00 | 128.00 | OK | |
r-patched-linux-x86_64 | 0.1.0 | 10.91 | 132.88 | 143.79 | OK | |
r-release-linux-x86_64 | 0.1.0 | 15.36 | 131.06 | 146.42 | OK | |
r-release-macos-arm64 | 0.1.0 | 64.00 | NOTE | |||
r-release-macos-x86_64 | 0.1.0 | 93.00 | NOTE | |||
r-release-windows-x86_64 | 0.1.0 | 17.00 | 117.00 | 134.00 | OK | |
r-oldrel-macos-arm64 | 0.1.0 | 64.00 | NOTE | |||
r-oldrel-macos-x86_64 | 0.1.0 | 77.00 | NOTE | |||
r-oldrel-windows-x86_64 | 0.1.0 | 19.00 | 140.00 | 159.00 | OK |
Version: 0.1.0
Check: installed package size
Result: NOTE
installed size is 5.2Mb
sub-directories of 1Mb or more:
data 5.0Mb
Flavors: r-release-macos-arm64, r-release-macos-x86_64, r-oldrel-macos-arm64, r-oldrel-macos-x86_64