Last updated on 2024-07-13 11:49:16 CEST.
Flavor | Version | Tinstall | Tcheck | Ttotal | Status | Flags |
---|---|---|---|---|---|---|
r-devel-linux-x86_64-debian-clang | 2.1.2 | 10.82 | 83.17 | 93.99 | OK | |
r-devel-linux-x86_64-debian-gcc | 2.1.2 | 8.27 | 61.88 | 70.15 | OK | |
r-devel-linux-x86_64-fedora-clang | 2.1.2 | 121.70 | OK | |||
r-devel-linux-x86_64-fedora-gcc | 2.1.2 | 108.21 | OK | |||
r-devel-windows-x86_64 | 2.1.2 | 8.00 | 79.00 | 87.00 | NOTE | |
r-patched-linux-x86_64 | 2.1.2 | 12.96 | 80.22 | 93.18 | OK | |
r-release-linux-x86_64 | 2.1.2 | 10.14 | 79.94 | 90.08 | OK | |
r-release-macos-arm64 | 2.1.2 | 32.00 | OK | |||
r-release-macos-x86_64 | 2.1.2 | 48.00 | OK | |||
r-release-windows-x86_64 | 2.1.2 | 8.00 | 77.00 | 85.00 | OK | |
r-oldrel-macos-arm64 | 2.1.2 | 38.00 | OK | |||
r-oldrel-macos-x86_64 | 2.1.2 | 61.00 | OK | |||
r-oldrel-windows-x86_64 | 2.1.2 | 11.00 | 95.00 | 106.00 | OK |
Version: 2.1.2
Check: Rd cross-references
Result: NOTE
Found the following Rd file(s) with Rd \link{} targets missing package
anchors:
gev.d.fit.Rd: gev.fit
gev.d.params.Rd: gev.fit
Please provide package anchors for all Rd \link{} targets not in the
package itself and the base packages.
Flavor: r-devel-windows-x86_64