Last updated on 2024-06-27 10:49:32 CEST.
Flavor | Version | Tinstall | Tcheck | Ttotal | Status | Flags |
---|---|---|---|---|---|---|
r-devel-linux-x86_64-debian-clang | 0.0.5 | OK | ||||
r-devel-linux-x86_64-debian-gcc | 0.0.5 | 24.62 | 187.44 | 212.06 | OK | |
r-devel-linux-x86_64-fedora-clang | 0.0.5 | 388.37 | OK | |||
r-devel-linux-x86_64-fedora-gcc | 0.0.5 | 354.41 | OK | |||
r-devel-windows-x86_64 | 0.0.5 | 25.00 | 170.00 | 195.00 | OK | |
r-patched-linux-x86_64 | 0.0.5 | 23.99 | 241.40 | 265.39 | OK | |
r-release-linux-x86_64 | 0.0.5 | 20.23 | 244.45 | 264.68 | OK | |
r-release-macos-arm64 | 0.0.5 | 96.00 | OK | |||
r-release-macos-x86_64 | 0.0.5 | 148.00 | OK | |||
r-release-windows-x86_64 | 0.0.5 | 26.00 | 172.00 | 198.00 | OK | |
r-oldrel-macos-arm64 | 0.0.5 | 5.00 | ERROR | |||
r-oldrel-macos-x86_64 | 0.0.5 | 164.00 | OK | |||
r-oldrel-windows-x86_64 | 0.0.5 | 35.00 | 226.00 | 261.00 | OK |
Version: 0.0.5
Check: package dependencies
Result: ERROR
Package required but not available: ‘DOSE’
See section ‘The DESCRIPTION file’ in the ‘Writing R Extensions’
manual.
Flavor: r-oldrel-macos-arm64