Last updated on 2024-07-13 11:49:14 CEST.
Flavor | Version | Tinstall | Tcheck | Ttotal | Status | Flags |
---|---|---|---|---|---|---|
r-devel-linux-x86_64-debian-clang | 0.4-0 | 7.09 | 59.70 | 66.79 | OK | |
r-devel-linux-x86_64-debian-gcc | 0.4-0 | 4.78 | 42.75 | 47.53 | OK | |
r-devel-linux-x86_64-fedora-clang | 0.4-0 | 82.66 | OK | |||
r-devel-linux-x86_64-fedora-gcc | 0.4-0 | 74.92 | OK | |||
r-devel-windows-x86_64 | 0.4-0 | 10.00 | 65.00 | 75.00 | OK | |
r-patched-linux-x86_64 | 0.4-0 | 5.31 | 56.85 | 62.16 | OK | |
r-release-linux-x86_64 | 0.4-0 | 6.51 | 56.45 | 62.96 | OK | |
r-release-macos-arm64 | 0.4-0 | 25.00 | OK | |||
r-release-macos-x86_64 | 0.4-0 | 40.00 | OK | |||
r-release-windows-x86_64 | 0.4-0 | 9.00 | 63.00 | 72.00 | OK | |
r-oldrel-macos-arm64 | 0.4-0 | 26.00 | OK | |||
r-oldrel-macos-x86_64 | 0.4-0 | 41.00 | NOTE | |||
r-oldrel-windows-x86_64 | 0.4-0 | 11.00 | 79.00 | 90.00 | OK |
Version: 0.4-0
Check: package dependencies
Result: NOTE
Packages suggested but not available for checking: 'psych', 'psychTools'
Flavor: r-oldrel-macos-x86_64