Last updated on 2024-07-13 11:49:13 CEST.
Flavor | Version | Tinstall | Tcheck | Ttotal | Status | Flags |
---|---|---|---|---|---|---|
r-devel-linux-x86_64-debian-clang | 0.6.0 | 43.84 | 134.42 | 178.26 | OK | |
r-devel-linux-x86_64-debian-gcc | 0.6.0 | 32.48 | 94.07 | 126.55 | OK | |
r-devel-linux-x86_64-fedora-clang | 0.6.0 | 218.21 | OK | |||
r-devel-linux-x86_64-fedora-gcc | 0.6.0 | 226.12 | OK | |||
r-devel-windows-x86_64 | 0.6.0 | 36.00 | 128.00 | 164.00 | NOTE | |
r-patched-linux-x86_64 | 0.6.0 | 39.26 | 122.08 | 161.34 | OK | |
r-release-linux-x86_64 | 0.6.0 | 35.50 | 125.88 | 161.38 | OK | |
r-release-macos-arm64 | 0.6.0 | 61.00 | OK | |||
r-release-macos-x86_64 | 0.6.0 | 95.00 | OK | |||
r-release-windows-x86_64 | 0.6.0 | 37.00 | 126.00 | 163.00 | OK | |
r-oldrel-macos-arm64 | 0.6.0 | 68.00 | OK | |||
r-oldrel-macos-x86_64 | 0.6.0 | 160.00 | OK | |||
r-oldrel-windows-x86_64 | 0.6.0 | 45.00 | 160.00 | 205.00 | OK |
Version: 0.6.0
Check: Rd cross-references
Result: NOTE
Found the following Rd file(s) with Rd \link{} targets missing package
anchors:
factory-mleFactory.Rd: optimParallel
factory-optimFactory.Rd: optimParallel
Please provide package anchors for all Rd \link{} targets not in the
package itself and the base packages.
Flavor: r-devel-windows-x86_64