Last updated on 2024-06-21 09:55:44 CEST.
Flavor | Version | Tinstall | Tcheck | Ttotal | Status | Flags |
---|---|---|---|---|---|---|
r-devel-linux-x86_64-debian-clang | 1.2.6 | 73.62 | 141.63 | 215.25 | NOTE | |
r-devel-linux-x86_64-debian-gcc | 1.2.6 | 49.88 | 128.25 | 178.13 | NOTE | |
r-devel-linux-x86_64-fedora-clang | 1.2.6 | 460.98 | NOTE | |||
r-devel-linux-x86_64-fedora-gcc | 1.2.6 | 484.21 | NOTE | |||
r-devel-windows-x86_64 | 1.2.6 | 62.00 | 146.00 | 208.00 | NOTE | |
r-patched-linux-x86_64 | 1.2.6 | 62.07 | 148.56 | 210.63 | NOTE | |
r-release-linux-x86_64 | 1.2.6 | 63.85 | 144.25 | 208.10 | NOTE | |
r-release-macos-arm64 | 1.2.6 | 101.00 | NOTE | |||
r-release-macos-x86_64 | 1.2.6 | 185.00 | NOTE | |||
r-release-windows-x86_64 | 1.2.6 | 61.00 | 151.00 | 212.00 | NOTE | |
r-oldrel-macos-arm64 | 1.2.6 | 254.00 | NOTE | |||
r-oldrel-macos-x86_64 | 1.2.6 | 89.00 | NOTE | |||
r-oldrel-windows-x86_64 | 1.2.6 | 76.00 | 159.00 | 235.00 | NOTE |
Version: 1.2.6
Check: for GNU extensions in Makefiles
Result: NOTE
GNU make is a SystemRequirements.
Flavors: r-devel-linux-x86_64-debian-clang, r-devel-linux-x86_64-debian-gcc, r-devel-linux-x86_64-fedora-clang, r-devel-linux-x86_64-fedora-gcc, r-devel-windows-x86_64, r-patched-linux-x86_64, r-release-linux-x86_64, r-release-macos-arm64, r-release-macos-x86_64, r-release-windows-x86_64, r-oldrel-macos-arm64, r-oldrel-macos-x86_64, r-oldrel-windows-x86_64