Last updated on 2024-07-13 11:49:15 CEST.
Flavor | Version | Tinstall | Tcheck | Ttotal | Status | Flags |
---|---|---|---|---|---|---|
r-devel-linux-x86_64-debian-clang | 2.3-2 | 80.76 | 198.63 | 279.39 | OK | |
r-devel-linux-x86_64-debian-gcc | 2.3-2 | 59.86 | 137.47 | 197.33 | OK | |
r-devel-linux-x86_64-fedora-clang | 2.3-2 | 370.60 | OK | |||
r-devel-linux-x86_64-fedora-gcc | 2.3-2 | 346.17 | OK | |||
r-devel-windows-x86_64 | 2.3-2 | 60.00 | 166.00 | 226.00 | OK | |
r-patched-linux-x86_64 | 2.3-2 | 68.20 | 188.12 | 256.32 | OK | |
r-release-linux-x86_64 | 2.3-2 | 60.76 | 181.63 | 242.39 | OK | |
r-release-macos-arm64 | 2.3-2 | 80.00 | NOTE | |||
r-release-macos-x86_64 | 2.3-2 | 125.00 | NOTE | |||
r-release-windows-x86_64 | 2.3-2 | 63.00 | 167.00 | 230.00 | OK | |
r-oldrel-macos-arm64 | 2.3-2 | 103.00 | NOTE | |||
r-oldrel-macos-x86_64 | 2.3-2 | 189.00 | NOTE | |||
r-oldrel-windows-x86_64 | 2.3-2 | 76.00 | 212.00 | 288.00 | OK |
Version: 2.3-2
Check: installed package size
Result: NOTE
installed size is 6.9Mb
sub-directories of 1Mb or more:
data 1.5Mb
libs 4.5Mb
Flavors: r-release-macos-arm64, r-release-macos-x86_64, r-oldrel-macos-arm64, r-oldrel-macos-x86_64