Last updated on 2024-06-21 15:52:53 CEST.
Flavor | Version | Tinstall | Tcheck | Ttotal | Status | Flags |
---|---|---|---|---|---|---|
r-devel-linux-x86_64-debian-clang | 2.3-2 | 76.73 | 199.16 | 275.89 | OK | |
r-devel-linux-x86_64-debian-gcc | 2.3-2 | 59.34 | 138.63 | 197.97 | OK | |
r-devel-linux-x86_64-fedora-clang | 2.3-2 | 339.42 | OK | |||
r-devel-linux-x86_64-fedora-gcc | 2.3-2 | 356.36 | OK | |||
r-devel-windows-x86_64 | 2.3-2 | 60.00 | 167.00 | 227.00 | OK | |
r-patched-linux-x86_64 | 2.3-2 | 75.95 | 186.52 | 262.47 | OK | |
r-release-linux-x86_64 | 2.3-2 | 81.52 | 187.09 | 268.61 | OK | |
r-release-macos-arm64 | 2.3-2 | 80.00 | NOTE | |||
r-release-macos-x86_64 | 2.3-2 | 125.00 | NOTE | |||
r-release-windows-x86_64 | 2.3-2 | 61.00 | 169.00 | 230.00 | OK | |
r-oldrel-macos-arm64 | 2.3-2 | 103.00 | NOTE | |||
r-oldrel-macos-x86_64 | 2.3-2 | 189.00 | NOTE | |||
r-oldrel-windows-x86_64 | 2.3-2 | 76.00 | 208.00 | 284.00 | OK |
Version: 2.3-2
Check: installed package size
Result: NOTE
installed size is 6.9Mb
sub-directories of 1Mb or more:
data 1.5Mb
libs 4.5Mb
Flavors: r-release-macos-arm64, r-release-macos-x86_64, r-oldrel-macos-arm64, r-oldrel-macos-x86_64