Last updated on 2024-07-13 05:49:15 CEST.
Flavor | Version | Tinstall | Tcheck | Ttotal | Status | Flags |
---|---|---|---|---|---|---|
r-devel-linux-x86_64-debian-clang | 2.2 | 39.38 | 126.65 | 166.03 | NOTE | |
r-devel-linux-x86_64-debian-gcc | 2.2 | 30.29 | 93.44 | 123.73 | NOTE | |
r-devel-linux-x86_64-fedora-clang | 2.2 | 221.98 | NOTE | |||
r-devel-linux-x86_64-fedora-gcc | 2.2 | 209.50 | NOTE | |||
r-devel-windows-x86_64 | 2.2 | 35.00 | 119.00 | 154.00 | NOTE | |
r-patched-linux-x86_64 | 2.2 | 36.09 | 118.70 | 154.79 | NOTE | |
r-release-linux-x86_64 | 2.2 | 24.18 | 117.72 | 141.90 | NOTE | |
r-release-macos-arm64 | 2.2 | 56.00 | NOTE | |||
r-release-macos-x86_64 | 2.2 | 85.00 | NOTE | |||
r-release-windows-x86_64 | 2.2 | 35.00 | 117.00 | 152.00 | NOTE | |
r-oldrel-macos-arm64 | 2.2 | 55.00 | NOTE | |||
r-oldrel-macos-x86_64 | 2.2 | 90.00 | NOTE | |||
r-oldrel-windows-x86_64 | 2.2 | 44.00 | 145.00 | 189.00 | NOTE |
Version: 2.2
Check: C++ specification
Result: NOTE
Specified C++11: please drop specification unless essential
Flavors: r-devel-linux-x86_64-debian-clang, r-devel-linux-x86_64-debian-gcc, r-devel-linux-x86_64-fedora-clang, r-devel-linux-x86_64-fedora-gcc, r-devel-windows-x86_64, r-patched-linux-x86_64, r-release-linux-x86_64, r-release-macos-arm64, r-release-macos-x86_64, r-release-windows-x86_64, r-oldrel-macos-arm64, r-oldrel-macos-x86_64, r-oldrel-windows-x86_64
Version: 2.2
Check: HTML version of manual
Result: NOTE
Found the following HTML validation problems:
GWASinlps.html:187:1 (GWASinlps.Rd:99): Warning: trimming empty <h4>
Flavors: r-devel-linux-x86_64-debian-clang, r-devel-linux-x86_64-debian-gcc, r-devel-linux-x86_64-fedora-clang, r-devel-linux-x86_64-fedora-gcc, r-devel-windows-x86_64, r-patched-linux-x86_64, r-release-linux-x86_64, r-release-windows-x86_64