Last updated on 2024-06-27 16:49:06 CEST.
Flavor | Version | Tinstall | Tcheck | Ttotal | Status | Flags |
---|---|---|---|---|---|---|
r-devel-linux-x86_64-debian-clang | 0.2.1 | NOTE | ||||
r-devel-linux-x86_64-debian-gcc | 0.2.1 | 11.03 | 126.57 | 137.60 | NOTE | |
r-devel-linux-x86_64-fedora-clang | 0.2.1 | 242.48 | NOTE | |||
r-devel-linux-x86_64-fedora-gcc | 0.2.1 | 250.98 | NOTE | |||
r-devel-windows-x86_64 | 0.2.1 | 11.00 | 179.00 | 190.00 | NOTE | |
r-patched-linux-x86_64 | 0.2.1 | 11.67 | 174.28 | 185.95 | NOTE | |
r-release-linux-x86_64 | 0.2.1 | 13.70 | 169.37 | 183.07 | NOTE | |
r-release-macos-arm64 | 0.2.1 | 65.00 | NOTE | |||
r-release-macos-x86_64 | 0.2.1 | 99.00 | NOTE | |||
r-release-windows-x86_64 | 0.2.1 | 11.00 | 180.00 | 191.00 | NOTE | |
r-oldrel-macos-arm64 | 0.2.1 | 66.00 | OK | |||
r-oldrel-macos-x86_64 | 0.2.1 | 112.00 | OK | |||
r-oldrel-windows-x86_64 | 0.2.1 | 14.00 | 230.00 | 244.00 | OK |
Version: 0.2.1
Check: Rd files
Result: NOTE
checkRd: (-1) GREMLINS.Rd:11: Lost braces in \itemize; meant \describe ?
checkRd: (-1) GREMLINS.Rd:12: Lost braces in \itemize; meant \describe ?
checkRd: (-1) GREMLINS.Rd:13: Lost braces in \itemize; meant \describe ?
checkRd: (-1) GREMLINS.Rd:14: Lost braces in \itemize; meant \describe ?
checkRd: (-1) GREMLINS.Rd:20: Lost braces in \itemize; meant \describe ?
checkRd: (-1) GREMLINS.Rd:21: Lost braces in \itemize; meant \describe ?
checkRd: (-1) GREMLINS.Rd:22: Lost braces in \itemize; meant \describe ?
checkRd: (-1) GREMLINS.Rd:23: Lost braces in \itemize; meant \describe ?
Flavors: r-devel-linux-x86_64-debian-clang, r-devel-linux-x86_64-debian-gcc, r-devel-linux-x86_64-fedora-clang, r-devel-linux-x86_64-fedora-gcc, r-devel-windows-x86_64, r-patched-linux-x86_64, r-release-linux-x86_64, r-release-macos-arm64, r-release-macos-x86_64, r-release-windows-x86_64