Last updated on 2024-07-13 05:49:13 CEST.
Flavor | Version | Tinstall | Tcheck | Ttotal | Status | Flags |
---|---|---|---|---|---|---|
r-devel-linux-x86_64-debian-clang | 3.2.4 | 55.70 | 102.53 | 158.23 | OK | |
r-devel-linux-x86_64-debian-gcc | 3.2.4 | 42.04 | 71.36 | 113.40 | OK | |
r-devel-linux-x86_64-fedora-clang | 3.2.4 | 229.36 | NOTE | |||
r-devel-linux-x86_64-fedora-gcc | 3.2.4 | 216.49 | OK | |||
r-devel-windows-x86_64 | 3.2.4 | 46.00 | 119.00 | 165.00 | NOTE | |
r-patched-linux-x86_64 | 3.2.4 | 54.46 | 95.86 | 150.32 | OK | |
r-release-linux-x86_64 | 3.2.4 | 52.17 | 94.53 | 146.70 | OK | |
r-release-macos-arm64 | 3.2.4 | 61.00 | NOTE | |||
r-release-macos-x86_64 | 3.2.4 | 93.00 | NOTE | |||
r-release-windows-x86_64 | 3.2.4 | 47.00 | 113.00 | 160.00 | NOTE | |
r-oldrel-macos-arm64 | 3.2.4 | 63.00 | NOTE | |||
r-oldrel-macos-x86_64 | 3.2.4 | 171.00 | NOTE | |||
r-oldrel-windows-x86_64 | 3.2.4 | 56.00 | 140.00 | 196.00 | NOTE |
Version: 3.2.4
Check: installed package size
Result: NOTE
installed size is 32.9Mb
sub-directories of 1Mb or more:
doc 31.8Mb
Flavors: r-devel-linux-x86_64-fedora-clang, r-devel-windows-x86_64, r-release-macos-arm64, r-release-macos-x86_64, r-release-windows-x86_64, r-oldrel-macos-arm64, r-oldrel-macos-x86_64, r-oldrel-windows-x86_64