Last updated on 2024-06-27 16:49:04 CEST.
Flavor | Version | Tinstall | Tcheck | Ttotal | Status | Flags |
---|---|---|---|---|---|---|
r-devel-linux-x86_64-debian-clang | 0.2.2 | OK | ||||
r-devel-linux-x86_64-debian-gcc | 0.2.2 | 28.17 | 51.32 | 79.49 | OK | |
r-devel-linux-x86_64-fedora-clang | 0.2.2 | 162.85 | NOTE | |||
r-devel-linux-x86_64-fedora-gcc | 0.2.2 | 165.59 | NOTE | |||
r-devel-windows-x86_64 | 0.2.2 | 36.00 | 86.00 | 122.00 | OK | |
r-patched-linux-x86_64 | 0.2.2 | 34.42 | 66.61 | 101.03 | OK | |
r-release-linux-x86_64 | 0.2.2 | 36.77 | 66.34 | 103.11 | OK | |
r-release-macos-arm64 | 0.2.2 | 40.00 | OK | |||
r-release-macos-x86_64 | 0.2.2 | 68.00 | OK | |||
r-release-windows-x86_64 | 0.2.2 | 39.00 | 87.00 | 126.00 | OK | |
r-oldrel-macos-arm64 | 0.2.2 | 48.00 | OK | |||
r-oldrel-macos-x86_64 | 0.2.2 | 81.00 | OK | |||
r-oldrel-windows-x86_64 | 0.2.2 | 45.00 | 105.00 | 150.00 | OK |
Version: 0.2.2
Check: dependencies in R code
Result: NOTE
Namespaces in Imports field not imported from:
‘kableExtra’ ‘knitr’ ‘rmarkdown’
All declared Imports should be used.
Flavors: r-devel-linux-x86_64-fedora-clang, r-devel-linux-x86_64-fedora-gcc