Last updated on 2024-07-13 11:49:13 CEST.
Flavor | Version | Tinstall | Tcheck | Ttotal | Status | Flags |
---|---|---|---|---|---|---|
r-devel-linux-x86_64-debian-clang | 1.2.6 | 5.93 | 60.18 | 66.11 | OK | |
r-devel-linux-x86_64-debian-gcc | 1.2.6 | 4.89 | 43.83 | 48.72 | OK | |
r-devel-linux-x86_64-fedora-clang | 1.2.6 | 83.06 | NOTE | |||
r-devel-linux-x86_64-fedora-gcc | 1.2.6 | 78.90 | OK | |||
r-devel-windows-x86_64 | 1.2.6 | 7.00 | 72.00 | 79.00 | OK | |
r-patched-linux-x86_64 | 1.2.6 | 6.99 | 56.79 | 63.78 | OK | |
r-release-linux-x86_64 | 1.2.6 | 5.26 | 58.74 | 64.00 | OK | |
r-release-macos-arm64 | 1.2.6 | 26.00 | OK | |||
r-release-macos-x86_64 | 1.2.6 | 47.00 | OK | |||
r-release-windows-x86_64 | 1.2.6 | 7.00 | 74.00 | 81.00 | OK | |
r-oldrel-macos-arm64 | 1.2.6 | 26.00 | OK | |||
r-oldrel-macos-x86_64 | 1.2.6 | 48.00 | OK | |||
r-oldrel-windows-x86_64 | 1.2.6 | 8.00 | 80.00 | 88.00 | OK |
Version: 1.2.6
Check: Rd cross-references
Result: NOTE
Undeclared package ‘Kendall’ in Rd xrefs
Flavor: r-devel-linux-x86_64-fedora-clang