Last updated on 2024-07-13 11:49:13 CEST.
Flavor | Version | Tinstall | Tcheck | Ttotal | Status | Flags |
---|---|---|---|---|---|---|
r-devel-linux-x86_64-debian-clang | 0.1.1 | 10.88 | 53.23 | 64.11 | NOTE | |
r-devel-linux-x86_64-debian-gcc | 0.1.1 | 6.31 | 39.35 | 45.66 | NOTE | |
r-devel-linux-x86_64-fedora-clang | 0.1.1 | 77.27 | NOTE | |||
r-devel-linux-x86_64-fedora-gcc | 0.1.1 | 71.39 | NOTE | |||
r-devel-windows-x86_64 | 0.1.1 | 9.00 | 58.00 | 67.00 | NOTE | |
r-patched-linux-x86_64 | 0.1.1 | 10.12 | 51.67 | 61.79 | NOTE | |
r-release-linux-x86_64 | 0.1.1 | 7.90 | 51.55 | 59.45 | NOTE | |
r-release-macos-arm64 | 0.1.1 | 22.00 | NOTE | |||
r-release-macos-x86_64 | 0.1.1 | 35.00 | NOTE | |||
r-release-windows-x86_64 | 0.1.1 | 8.00 | 57.00 | 65.00 | NOTE | |
r-oldrel-macos-arm64 | 0.1.1 | 22.00 | NOTE | |||
r-oldrel-macos-x86_64 | 0.1.1 | 36.00 | NOTE | |||
r-oldrel-windows-x86_64 | 0.1.1 | 12.00 | 64.00 | 76.00 | NOTE |
Version: 0.1.1
Check: LazyData
Result: NOTE
'LazyData' is specified without a 'data' directory
Flavors: r-devel-linux-x86_64-debian-clang, r-devel-linux-x86_64-debian-gcc, r-devel-linux-x86_64-fedora-clang, r-devel-linux-x86_64-fedora-gcc, r-devel-windows-x86_64, r-patched-linux-x86_64, r-release-linux-x86_64, r-release-macos-arm64, r-release-macos-x86_64, r-release-windows-x86_64, r-oldrel-macos-arm64, r-oldrel-macos-x86_64, r-oldrel-windows-x86_64