Last updated on 2024-07-13 05:49:13 CEST.
Flavor | Version | Tinstall | Tcheck | Ttotal | Status | Flags |
---|---|---|---|---|---|---|
r-devel-linux-x86_64-debian-clang | 0.2.2 | 12.04 | 205.25 | 217.29 | OK | |
r-devel-linux-x86_64-debian-gcc | 0.2.2 | 9.33 | 152.73 | 162.06 | OK | |
r-devel-linux-x86_64-fedora-clang | 0.2.2 | 283.56 | OK | |||
r-devel-linux-x86_64-fedora-gcc | 0.2.2 | 272.48 | OK | |||
r-devel-windows-x86_64 | 0.2.2 | 11.00 | 142.00 | 153.00 | OK | |
r-patched-linux-x86_64 | 0.2.2 | 10.79 | 192.87 | 203.66 | OK | |
r-release-linux-x86_64 | 0.2.2 | 11.73 | 190.74 | 202.47 | OK | |
r-release-macos-arm64 | 0.2.2 | 78.00 | OK | |||
r-release-macos-x86_64 | 0.2.2 | 145.00 | OK | |||
r-release-windows-x86_64 | 0.2.2 | 11.00 | 140.00 | 151.00 | OK | |
r-oldrel-macos-arm64 | 0.2.2 | 85.00 | OK | |||
r-oldrel-macos-x86_64 | 0.2.2 | 114.00 | NOTE | |||
r-oldrel-windows-x86_64 | 0.2.2 | 14.00 | 176.00 | 190.00 | OK |
Version: 0.2.2
Check: package dependencies
Result: NOTE
Package suggested but not available for checking: ‘DESeq2’
Flavor: r-oldrel-macos-x86_64