Last updated on 2024-06-27 16:49:04 CEST.
Flavor | Version | Tinstall | Tcheck | Ttotal | Status | Flags |
---|---|---|---|---|---|---|
r-devel-linux-x86_64-debian-clang | 1.1-2 | OK | ||||
r-devel-linux-x86_64-debian-gcc | 1.1-2 | 14.09 | 217.97 | 232.06 | OK | |
r-devel-linux-x86_64-fedora-clang | 1.1-2 | 367.06 | OK | |||
r-devel-linux-x86_64-fedora-gcc | 1.1-2 | 388.91 | OK | |||
r-devel-windows-x86_64 | 1.1-2 | 17.00 | 254.00 | 271.00 | OK | |
r-patched-linux-x86_64 | 1.1-2 | 23.01 | 273.43 | 296.44 | OK | |
r-release-linux-x86_64 | 1.1-2 | 18.20 | 278.87 | 297.07 | OK | |
r-release-macos-arm64 | 1.1-2 | 102.00 | OK | |||
r-release-macos-x86_64 | 1.1-2 | 172.00 | WARN | |||
r-release-windows-x86_64 | 1.1-2 | 17.00 | 256.00 | 273.00 | OK | |
r-oldrel-macos-arm64 | 1.1-2 | 126.00 | OK | |||
r-oldrel-macos-x86_64 | 1.1-2 | 274.00 | OK | |||
r-oldrel-windows-x86_64 | 1.1-2 | 22.00 | 303.00 | 325.00 | OK |
Version: 1.1-2
Check: re-building of vignette outputs
Result: WARN
Error(s) in re-building vignettes:
--- re-building ‘FLAM_canada.Rnw’ using knitr
Error: processing vignette 'FLAM_canada.Rnw' failed with diagnostics:
Running 'texi2dvi' on 'FLAM_canada.tex' failed.
LaTeX errors:
! Undefined control sequence.
l.130 \hlkwd{library}\hldef
{(fda)}
?
! Emergency stop.
! Emergency stop.
l.130
End of file on the terminal!
! ==> Fatal error occurred, no output PDF file produced!
--- failed re-building ‘FLAM_canada.Rnw’
--- re-building ‘FLAM_fuel.Rnw’ using knitr
Error: processing vignette 'FLAM_fuel.Rnw' failed with diagnostics:
Running 'texi2dvi' on 'FLAM_fuel.tex' failed.
LaTeX errors:
! Undefined control sequence.
l.129 \hlkwd{data}\hldef
{(fuelSubset)}
?
! Emergency stop.
! Emergency stop.
l.129
End of file on the terminal!
! ==> Fatal error occurred, no output PDF file produced!
--- failed re-building ‘FLAM_fuel.Rnw’
--- re-building ‘FLAM_viscosity.Rnw’ using knitr
Error: processing vignette 'FLAM_viscosity.Rnw' failed with diagnostics:
Running 'texi2dvi' on 'FLAM_viscosity.tex' failed.
LaTeX errors:
! Undefined control sequence.
l.129 \hlkwd{data}\hldef
{(viscosity)}
?
! Emergency stop.
! Emergency stop.
l.129
End of file on the terminal!
! ==> Fatal error occurred, no output PDF file produced!
--- failed re-building ‘FLAM_viscosity.Rnw’
--- re-building ‘density-on-scalar_birth.Rnw’ using knitr
Error: processing vignette 'density-on-scalar_birth.Rnw' failed with diagnostics:
Running 'texi2dvi' on 'density-on-scalar_birth.tex' failed.
LaTeX errors:
! Undefined control sequence.
l.166 \hlkwd{library}\hldef
{(FDboost)}
?
! Emergency stop.
! Emergency stop.
l.166
End of file on the terminal!
! ==> Fatal error occurred, no output PDF file produced!
--- failed re-building ‘density-on-scalar_birth.Rnw’
SUMMARY: processing the following files failed:
‘FLAM_canada.Rnw’ ‘FLAM_fuel.Rnw’ ‘FLAM_viscosity.Rnw’
‘density-on-scalar_birth.Rnw’
Error: Vignette re-building failed.
Execution halted
Flavor: r-release-macos-x86_64