Last updated on 2024-05-21 14:57:10 CEST.
Flavor | Version | Tinstall | Tcheck | Ttotal | Status | Flags |
---|---|---|---|---|---|---|
r-devel-linux-x86_64-debian-clang | 1.0.4 | 19.06 | 148.57 | 167.63 | OK | |
r-devel-linux-x86_64-debian-gcc | 1.0.4 | 13.71 | 108.93 | 122.64 | OK | |
r-devel-linux-x86_64-fedora-clang | 1.0.4 | 217.63 | OK | |||
r-devel-linux-x86_64-fedora-gcc | 1.0.4 | 191.08 | OK | |||
r-devel-windows-x86_64 | 1.0.4 | 16.00 | 115.00 | 131.00 | OK | |
r-patched-linux-x86_64 | 1.0.4 | 12.16 | 141.13 | 153.29 | OK | |
r-release-linux-x86_64 | 1.0.4 | 10.81 | 138.63 | 149.44 | OK | |
r-release-macos-arm64 | 1.0.4 | 56.00 | NOTE | |||
r-release-windows-x86_64 | 1.0.4 | 15.00 | 112.00 | 127.00 | OK | |
r-oldrel-macos-arm64 | 1.0.4 | 59.00 | NOTE | |||
r-oldrel-macos-x86_64 | 1.0.4 | 94.00 | NOTE | |||
r-oldrel-windows-x86_64 | 1.0.4 | 21.00 | 142.00 | 163.00 | OK |
Version: 1.0.4
Check: package dependencies
Result: NOTE
Package suggested but not available for checking: ‘Rmpi’
Flavors: r-release-macos-arm64, r-oldrel-macos-arm64, r-oldrel-macos-x86_64