Last updated on 2024-07-13 05:49:12 CEST.
Flavor | Version | Tinstall | Tcheck | Ttotal | Status | Flags |
---|---|---|---|---|---|---|
r-devel-linux-x86_64-debian-clang | 1.1.4 | 8.48 | 111.59 | 120.07 | OK | |
r-devel-linux-x86_64-debian-gcc | 1.1.4 | 9.36 | 81.84 | 91.20 | OK | |
r-devel-linux-x86_64-fedora-clang | 1.1.4 | 151.90 | OK | |||
r-devel-linux-x86_64-fedora-gcc | 1.1.4 | 160.35 | OK | |||
r-devel-windows-x86_64 | 1.1.4 | 12.00 | 105.00 | 117.00 | NOTE | |
r-patched-linux-x86_64 | 1.1.4 | 16.03 | 104.53 | 120.56 | OK | |
r-release-linux-x86_64 | 1.1.4 | 9.92 | 106.97 | 116.89 | OK | |
r-release-macos-arm64 | 1.1.4 | 52.00 | OK | |||
r-release-macos-x86_64 | 1.1.4 | 78.00 | OK | |||
r-release-windows-x86_64 | 1.1.4 | 12.00 | 105.00 | 117.00 | OK | |
r-oldrel-macos-arm64 | 1.1.4 | 55.00 | OK | |||
r-oldrel-macos-x86_64 | 1.1.4 | 80.00 | OK | |||
r-oldrel-windows-x86_64 | 1.1.4 | 14.00 | 124.00 | 138.00 | OK |
Version: 1.1.4
Check: Rd cross-references
Result: NOTE
Found the following Rd file(s) with Rd \link{} targets missing package
anchors:
Regression.Integrator.PCR.SelMin.Config-class.Rd:
Regression.Integrator.Config-class
Regression.Integrator.PCR.SelMin.FitObj-class.Rd:
Regression.Integrator.FitObj-class
epcreg.Rd: Instance.List-class, Regression.CV.Batch.FitObj-class,
Regression.Batch.FitObj-class
epcreg.baselearner.control.Rd: rmse.error
Please provide package anchors for all Rd \link{} targets not in the
package itself and the base packages.
Flavor: r-devel-windows-x86_64