Last updated on 2024-06-21 15:52:51 CEST.
Flavor | Version | Tinstall | Tcheck | Ttotal | Status | Flags |
---|---|---|---|---|---|---|
r-devel-linux-x86_64-debian-clang | 1.0.4 | 405.10 | 44.34 | 449.44 | NOTE | |
r-devel-linux-x86_64-debian-gcc | 1.0.4 | 259.71 | 34.07 | 293.78 | NOTE | |
r-devel-linux-x86_64-fedora-clang | 1.0.4 | 757.73 | NOTE | |||
r-devel-linux-x86_64-fedora-gcc | 1.0.4 | 701.01 | NOTE | |||
r-devel-windows-x86_64 | 1.0.4 | 311.00 | 80.00 | 391.00 | NOTE | |
r-patched-linux-x86_64 | 1.0.4 | 322.04 | 43.01 | 365.05 | NOTE | |
r-release-linux-x86_64 | 1.0.4 | 281.25 | 43.75 | 325.00 | NOTE | |
r-release-macos-arm64 | 1.0.4 | 119.00 | NOTE | |||
r-release-macos-x86_64 | 1.0.4 | 95.00 | NOTE | |||
r-release-windows-x86_64 | 1.0.4 | 313.00 | 87.00 | 400.00 | ERROR | |
r-oldrel-macos-arm64 | 1.0.4 | 146.00 | NOTE | |||
r-oldrel-macos-x86_64 | 1.0.4 | 250.00 | NOTE | |||
r-oldrel-windows-x86_64 | 1.0.4 | 372.00 | 96.00 | 468.00 | NOTE |
Version: 1.0.4
Check: C++ specification
Result: NOTE
Specified C++11: please drop specification unless essential
Flavors: r-devel-linux-x86_64-debian-clang, r-devel-linux-x86_64-debian-gcc, r-devel-linux-x86_64-fedora-clang, r-devel-linux-x86_64-fedora-gcc, r-devel-windows-x86_64, r-patched-linux-x86_64, r-release-linux-x86_64, r-release-macos-arm64, r-release-macos-x86_64, r-release-windows-x86_64, r-oldrel-macos-arm64, r-oldrel-macos-x86_64, r-oldrel-windows-x86_64
Version: 1.0.4
Check: Rd files
Result: NOTE
checkRd: (-1) minimize.Rd:22: Lost braces in \itemize; meant \describe ?
checkRd: (-1) minimize.Rd:23: Lost braces in \itemize; meant \describe ?
checkRd: (-1) minimize.Rd:24: Lost braces in \itemize; meant \describe ?
checkRd: (-1) minimize.Rd:25: Lost braces in \itemize; meant \describe ?
checkRd: (-1) minimize.Rd:26: Lost braces in \itemize; meant \describe ?
checkRd: (-1) minimize.Rd:27: Lost braces in \itemize; meant \describe ?
checkRd: (-1) minimize.Rd:28: Lost braces in \itemize; meant \describe ?
checkRd: (-1) minimize.Rd:29: Lost braces in \itemize; meant \describe ?
checkRd: (-1) minimize.Rd:30: Lost braces in \itemize; meant \describe ?
checkRd: (-1) minimize.Rd:31: Lost braces in \itemize; meant \describe ?
checkRd: (-1) minimize.Rd:32: Lost braces in \itemize; meant \describe ?
checkRd: (-1) minimize.Rd:33: Lost braces in \itemize; meant \describe ?
Flavors: r-devel-linux-x86_64-debian-clang, r-devel-linux-x86_64-debian-gcc, r-devel-linux-x86_64-fedora-clang, r-devel-linux-x86_64-fedora-gcc, r-devel-windows-x86_64, r-patched-linux-x86_64, r-release-linux-x86_64, r-release-macos-arm64, r-release-macos-x86_64
Version: 1.0.4
Check: installed package size
Result: NOTE
installed size is 8.9Mb
sub-directories of 1Mb or more:
libs 8.5Mb
Flavors: r-release-macos-arm64, r-release-macos-x86_64, r-oldrel-macos-arm64, r-oldrel-macos-x86_64
Version: 1.0.4
Check: Rd files
Result: WARN
During startup - Warning messages:
1: package 'utils' in options("defaultPackages") was not found
2: In .getClassesFromCache(Class) :
restarting interrupted promise evaluation
Failed with error: 'object '#HAS_DUPLICATE_CLASS_NAMES' not found'
Failed with error: 'object '#HAS_DUPLICATE_CLASS_NAMES' not found'
Failed with error: 'object '#HAS_DUPLICATE_CLASS_NAMES' not found'
Failed with error: 'object '#HAS_DUPLICATE_CLASS_NAMES' not found'
Failed with error: 'object '#HAS_DUPLICATE_CLASS_NAMES' not found'
Failed with error: 'object '#HAS_DUPLICATE_CLASS_NAMES' not found'
Failed with error: 'object '#HAS_DUPLICATE_CLASS_NAMES' not found'
Failed with error: 'object '#HAS_DUPLICATE_CLASS_NAMES' not found'
Failed with error: 'object '#HAS_DUPLICATE_CLASS_NAMES' not found'
Failed with error: 'object '#HAS_DUPLICATE_CLASS_NAMES' not found'
Failed with error: 'object '#HAS_DUPLICATE_CLASS_NAMES' not found'
Failed with error: 'object '#HAS_DUPLICATE_CLASS_NAMES' not found'
Failed with error: 'object '#HAS_DUPLICATE_CLASS_NAMES' not found'
Failed with error: 'object '#HAS_DUPLICATE_CLASS_NAMES' not found'
Failed with error: 'object '#HAS_DUPLICATE_CLASS_NAMES' not found'
Failed with error: 'object '#HAS_DUPLICATE_CLASS_NAMES' not found'
Failed with error: 'object '#HAS_DUPLICATE_CLASS_NAMES' not found'
Failed with error: 'object '#HAS_DUPLICATE_CLASS_NAMES' not found'
checkRd: (-1) minimize.Rd:22: Lost braces in \itemize; meant \describe ?
checkRd: (-1) minimize.Rd:23: Lost braces in \itemize; meant \describe ?
checkRd: (-1) minimize.Rd:24: Lost braces in \itemize; meant \describe ?
checkRd: (-1) minimize.Rd:25: Lost braces in \itemize; meant \describe ?
checkRd: (-1) minimize.Rd:26: Lost braces in \itemize; meant \describe ?
checkRd: (-1) minimize.Rd:27: Lost braces in \itemize; meant \describe ?
checkRd: (-1) minimize.Rd:28: Lost braces in \itemize; meant \describe ?
checkRd: (-1) minimize.Rd:29: Lost braces in \itemize; meant \describe ?
checkRd: (-1) minimize.Rd:30: Lost braces in \itemize; meant \describe ?
checkRd: (-1) minimize.Rd:31: Lost braces in \itemize; meant \describe ?
checkRd: (-1) minimize.Rd:32: Lost braces in \itemize; meant \describe ?
checkRd: (-1) minimize.Rd:33: Lost braces in \itemize; meant \describe ?
Failed with error: 'object '#HAS_DUPLICATE_CLASS_NAMES' not found'
Failed with error: 'object '#HAS_DUPLICATE_CLASS_NAMES' not found'
Failed with error: 'object '#HAS_DUPLICATE_CLASS_NAMES' not found'
Failed with error: 'object '#HAS_DUPLICATE_CLASS_NAMES' not found'
Flavor: r-release-windows-x86_64
Version: 1.0.4
Check: examples
Result: ERROR
Running massageExamples to create 'EmiR-Ex.R' failed
NONE
Flavor: r-release-windows-x86_64