Last updated on 2024-06-27 16:49:04 CEST.
Flavor | Version | Tinstall | Tcheck | Ttotal | Status | Flags |
---|---|---|---|---|---|---|
r-devel-linux-x86_64-debian-clang | 0.5.0 | NOTE | ||||
r-devel-linux-x86_64-debian-gcc | 0.5.0 | 483.96 | 317.24 | 801.20 | NOTE | |
r-devel-linux-x86_64-fedora-clang | 0.5.0 | 1104.19 | NOTE | |||
r-devel-linux-x86_64-fedora-gcc | 0.5.0 | 1551.10 | NOTE | |||
r-devel-windows-x86_64 | 0.5.0 | 425.00 | 347.00 | 772.00 | NOTE | |
r-patched-linux-x86_64 | 0.5.0 | 0.01 | 2.54 | 2.55 | ERROR | |
r-release-linux-x86_64 | 0.5.0 | 467.15 | 424.20 | 891.35 | NOTE | |
r-release-macos-arm64 | 0.5.0 | 265.00 | NOTE | |||
r-release-macos-x86_64 | 0.5.0 | 284.00 | NOTE | |||
r-release-windows-x86_64 | 0.5.0 | 445.00 | 349.00 | 794.00 | NOTE | |
r-oldrel-macos-arm64 | 0.5.0 | 299.00 | NOTE | |||
r-oldrel-macos-x86_64 | 0.5.0 | 386.00 | NOTE | |||
r-oldrel-windows-x86_64 | 0.5.0 | 560.00 | 430.00 | 990.00 | NOTE |
Version: 0.5.0
Check: for GNU extensions in Makefiles
Result: NOTE
GNU make is a SystemRequirements.
Flavors: r-devel-linux-x86_64-debian-clang, r-devel-linux-x86_64-debian-gcc, r-devel-linux-x86_64-fedora-clang, r-devel-linux-x86_64-fedora-gcc, r-devel-windows-x86_64, r-release-linux-x86_64, r-release-macos-arm64, r-release-macos-x86_64, r-release-windows-x86_64, r-oldrel-macos-arm64, r-oldrel-macos-x86_64, r-oldrel-windows-x86_64
Version: 0.5.0
Check: installed package size
Result: NOTE
installed size is 6.2Mb
sub-directories of 1Mb or more:
libs 5.0Mb
Flavors: r-devel-linux-x86_64-fedora-clang, r-devel-windows-x86_64, r-release-macos-arm64, r-release-macos-x86_64, r-release-windows-x86_64, r-oldrel-macos-arm64, r-oldrel-macos-x86_64, r-oldrel-windows-x86_64
Version: 0.5.0
Check: whether package can be installed
Result: ERROR
Installation failed.
Flavor: r-patched-linux-x86_64