Last updated on 2024-06-27 16:49:04 CEST.
Flavor | Version | Tinstall | Tcheck | Ttotal | Status | Flags |
---|---|---|---|---|---|---|
r-devel-linux-x86_64-debian-clang | 0.29.4 | OK | ||||
r-devel-linux-x86_64-debian-gcc | 0.29.4 | 22.75 | 95.15 | 117.90 | OK | |
r-devel-linux-x86_64-fedora-clang | 0.29.4 | 200.19 | NOTE | |||
r-devel-linux-x86_64-fedora-gcc | 0.29.4 | 215.95 | OK | |||
r-devel-windows-x86_64 | 0.29.4 | 28.00 | 144.00 | 172.00 | NOTE | |
r-patched-linux-x86_64 | 0.29.4 | 27.66 | 113.09 | 140.75 | OK | |
r-release-linux-x86_64 | 0.29.4 | 31.17 | 111.92 | 143.09 | OK | |
r-release-macos-arm64 | 0.29.4 | 74.00 | OK | |||
r-release-macos-x86_64 | 0.29.4 | 109.00 | OK | |||
r-release-windows-x86_64 | 0.29.4 | 28.00 | 142.00 | 170.00 | NOTE | |
r-oldrel-macos-arm64 | 0.29.4 | 79.00 | OK | |||
r-oldrel-macos-x86_64 | 0.29.4 | 129.00 | OK | |||
r-oldrel-windows-x86_64 | 0.29.4 | 35.00 | 152.00 | 187.00 | NOTE |
Version: 0.29.4
Check: Rd cross-references
Result: NOTE
Undeclared package ‘EloRating’ in Rd xrefs
Flavor: r-devel-linux-x86_64-fedora-clang
Version: 0.29.4
Check: C++ specification
Result: NOTE
Specified C++11: please drop specification unless essential
Flavors: r-devel-windows-x86_64, r-release-windows-x86_64, r-oldrel-windows-x86_64