Last updated on 2024-07-13 11:49:11 CEST.
Flavor | Version | Tinstall | Tcheck | Ttotal | Status | Flags |
---|---|---|---|---|---|---|
r-devel-linux-x86_64-debian-clang | 1.9-1 | 8.76 | 63.36 | 72.12 | OK | |
r-devel-linux-x86_64-debian-gcc | 1.9-1 | 6.75 | 46.59 | 53.34 | OK | |
r-devel-linux-x86_64-fedora-clang | 1.9-1 | 87.82 | NOTE | |||
r-devel-linux-x86_64-fedora-gcc | 1.9-1 | 82.57 | OK | |||
r-devel-windows-x86_64 | 1.9-1 | 7.00 | 65.00 | 72.00 | OK | |
r-patched-linux-x86_64 | 1.9-1 | 7.92 | 59.51 | 67.43 | OK | |
r-release-linux-x86_64 | 1.9-1 | 10.04 | 59.40 | 69.44 | OK | |
r-release-macos-arm64 | 1.9-1 | 27.00 | OK | |||
r-release-macos-x86_64 | 1.9-1 | 41.00 | OK | |||
r-release-windows-x86_64 | 1.9-1 | 8.00 | 66.00 | 74.00 | OK | |
r-oldrel-macos-arm64 | 1.9-1 | 28.00 | OK | |||
r-oldrel-macos-x86_64 | 1.9-1 | 51.00 | NOTE | |||
r-oldrel-windows-x86_64 | 1.9-1 | 8.00 | 76.00 | 84.00 | OK |
Version: 1.9-1
Check: Rd cross-references
Result: NOTE
Undeclared packages ‘carData’, ‘faraway’ in Rd xrefs
Flavor: r-devel-linux-x86_64-fedora-clang
Version: 1.9-1
Check: Rd cross-references
Result: NOTE
Package unavailable to check Rd xrefs: ‘faraway’
Flavor: r-oldrel-macos-x86_64