Last updated on 2024-06-27 16:49:03 CEST.
Flavor | Version | Tinstall | Tcheck | Ttotal | Status | Flags |
---|---|---|---|---|---|---|
r-devel-linux-x86_64-debian-clang | 1.9-1 | OK | ||||
r-devel-linux-x86_64-debian-gcc | 1.9-1 | 7.31 | 46.47 | 53.78 | OK | |
r-devel-linux-x86_64-fedora-clang | 1.9-1 | 87.82 | NOTE | |||
r-devel-linux-x86_64-fedora-gcc | 1.9-1 | 83.88 | OK | |||
r-devel-windows-x86_64 | 1.9-1 | 7.00 | 65.00 | 72.00 | OK | |
r-patched-linux-x86_64 | 1.9-1 | 7.27 | 59.52 | 66.79 | OK | |
r-release-linux-x86_64 | 1.9-1 | 8.36 | 59.27 | 67.63 | OK | |
r-release-macos-arm64 | 1.9-1 | 27.00 | OK | |||
r-release-macos-x86_64 | 1.9-1 | 41.00 | OK | |||
r-release-windows-x86_64 | 1.9-1 | 8.00 | 64.00 | 72.00 | OK | |
r-oldrel-macos-arm64 | 1.9-1 | 28.00 | OK | |||
r-oldrel-macos-x86_64 | 1.9-1 | 51.00 | NOTE | |||
r-oldrel-windows-x86_64 | 1.9-1 | 8.00 | 74.00 | 82.00 | OK |
Version: 1.9-1
Check: Rd cross-references
Result: NOTE
Undeclared packages ‘carData’, ‘faraway’ in Rd xrefs
Flavor: r-devel-linux-x86_64-fedora-clang
Version: 1.9-1
Check: Rd cross-references
Result: NOTE
Package unavailable to check Rd xrefs: ‘faraway’
Flavor: r-oldrel-macos-x86_64