Last updated on 2024-07-13 11:49:12 CEST.
Flavor | Version | Tinstall | Tcheck | Ttotal | Status | Flags |
---|---|---|---|---|---|---|
r-devel-linux-x86_64-debian-clang | 3.1.1 | 6.29 | 400.87 | 407.16 | OK | |
r-devel-linux-x86_64-debian-gcc | 3.1.1 | 4.60 | 317.63 | 322.23 | OK | |
r-devel-linux-x86_64-fedora-clang | 3.1.1 | 636.56 | NOTE | |||
r-devel-linux-x86_64-fedora-gcc | 3.1.1 | 583.75 | NOTE | |||
r-devel-windows-x86_64 | 3.1.1 | 6.00 | 472.00 | 478.00 | OK | |
r-patched-linux-x86_64 | 3.1.1 | 5.06 | 384.61 | 389.67 | OK | |
r-release-linux-x86_64 | 3.1.1 | 6.28 | 505.99 | 512.27 | OK | |
r-release-macos-arm64 | 3.1.1 | 242.00 | OK | |||
r-release-macos-x86_64 | 3.1.1 | 285.00 | OK | |||
r-release-windows-x86_64 | 3.1.1 | 7.00 | 416.00 | 423.00 | OK | |
r-oldrel-macos-arm64 | 3.1.1 | 253.00 | OK | |||
r-oldrel-macos-x86_64 | 3.1.1 | 317.00 | OK | |||
r-oldrel-windows-x86_64 | 3.1.1 | 9.00 | 453.00 | 462.00 | OK |
Version: 3.1.1
Check: dependencies in R code
Result: NOTE
Namespace in Imports field not imported from: ‘BiocStyle’
All declared Imports should be used.
Flavors: r-devel-linux-x86_64-fedora-clang, r-devel-linux-x86_64-fedora-gcc