Last updated on 2024-07-13 11:49:12 CEST.
Flavor | Version | Tinstall | Tcheck | Ttotal | Status | Flags |
---|---|---|---|---|---|---|
r-devel-linux-x86_64-debian-clang | 0.2.1 | 71.70 | 132.04 | 203.74 | OK | |
r-devel-linux-x86_64-debian-gcc | 0.2.1 | 50.30 | 97.15 | 147.45 | OK | |
r-devel-linux-x86_64-fedora-clang | 0.2.1 | 269.04 | OK | |||
r-devel-linux-x86_64-fedora-gcc | 0.2.1 | 256.30 | OK | |||
r-devel-windows-x86_64 | 0.2.1 | 53.00 | 125.00 | 178.00 | NOTE | |
r-patched-linux-x86_64 | 0.2.1 | 59.13 | 125.50 | 184.63 | OK | |
r-release-linux-x86_64 | 0.2.1 | 42.18 | 124.22 | 166.40 | OK | |
r-release-macos-arm64 | 0.2.1 | 55.00 | OK | |||
r-release-macos-x86_64 | 0.2.1 | 88.00 | OK | |||
r-release-windows-x86_64 | 0.2.1 | 53.00 | 125.00 | 178.00 | OK | |
r-oldrel-macos-arm64 | 0.2.1 | 80.00 | OK | |||
r-oldrel-macos-x86_64 | 0.2.1 | 141.00 | OK | |||
r-oldrel-windows-x86_64 | 0.2.1 | 70.00 | 156.00 | 226.00 | OK |
Version: 0.2.1
Check: Rd cross-references
Result: NOTE
Found the following Rd file(s) with Rd \link{} targets missing package
anchors:
em.prec.Rd: glassoFast
Please provide package anchors for all Rd \link{} targets not in the
package itself and the base packages.
Flavor: r-devel-windows-x86_64