Last updated on 2024-07-13 11:49:12 CEST.
Flavor | Version | Tinstall | Tcheck | Ttotal | Status | Flags |
---|---|---|---|---|---|---|
r-devel-linux-x86_64-debian-clang | 2.0.5 | 2.62 | 25.71 | 28.33 | OK | |
r-devel-linux-x86_64-debian-gcc | 2.0.5 | 1.70 | 20.18 | 21.88 | OK | |
r-devel-linux-x86_64-fedora-clang | 2.0.5 | 35.20 | OK | |||
r-devel-linux-x86_64-fedora-gcc | 2.0.5 | 33.27 | OK | |||
r-devel-windows-x86_64 | 2.0.5 | 3.00 | 41.00 | 44.00 | NOTE | |
r-patched-linux-x86_64 | 2.0.5 | 4.56 | 24.68 | 29.24 | OK | |
r-release-linux-x86_64 | 2.0.5 | 2.04 | 24.38 | 26.42 | OK | |
r-release-macos-arm64 | 2.0.5 | 16.00 | OK | |||
r-release-macos-x86_64 | 2.0.5 | 21.00 | OK | |||
r-release-windows-x86_64 | 2.0.5 | 3.00 | 41.00 | 44.00 | OK | |
r-oldrel-macos-arm64 | 2.0.5 | 18.00 | OK | |||
r-oldrel-macos-x86_64 | 2.0.5 | 23.00 | OK | |||
r-oldrel-windows-x86_64 | 2.0.5 | 4.00 | 43.00 | 47.00 | OK |
Version: 2.0.5
Check: Rd cross-references
Result: NOTE
Found the following Rd file(s) with Rd \link{} targets missing package
anchors:
empChurn.Rd: prediction
empCreditScoring.Rd: prediction
Please provide package anchors for all Rd \link{} targets not in the
package itself and the base packages.
Flavor: r-devel-windows-x86_64