Last updated on 2024-06-27 16:49:03 CEST.
Flavor | Version | Tinstall | Tcheck | Ttotal | Status | Flags |
---|---|---|---|---|---|---|
r-devel-linux-x86_64-debian-clang | 1.0.3 | NOTE | ||||
r-devel-linux-x86_64-debian-gcc | 1.0.3 | 8.45 | 67.33 | 75.78 | NOTE | |
r-devel-linux-x86_64-fedora-clang | 1.0.3 | 121.80 | NOTE | |||
r-devel-linux-x86_64-fedora-gcc | 1.0.3 | 115.92 | NOTE | |||
r-devel-windows-x86_64 | 1.0.3 | 10.00 | 79.00 | 89.00 | OK | |
r-patched-linux-x86_64 | 1.0.3 | 13.22 | 85.87 | 99.09 | NOTE | |
r-release-linux-x86_64 | 1.0.3 | 9.39 | 88.13 | 97.52 | NOTE | |
r-release-macos-arm64 | 1.0.3 | 39.00 | OK | |||
r-release-macos-x86_64 | 1.0.3 | 56.00 | OK | |||
r-release-windows-x86_64 | 1.0.3 | 10.00 | 80.00 | 90.00 | OK | |
r-oldrel-macos-arm64 | 1.0.3 | 43.00 | OK | |||
r-oldrel-macos-x86_64 | 1.0.3 | 74.00 | OK | |||
r-oldrel-windows-x86_64 | 1.0.3 | 12.00 | 94.00 | 106.00 | OK |
Version: 1.0.3
Check: for non-standard things in the check directory
Result: NOTE
Found the following files/directories:
‘eval_test_LG_ROC.pdf’ ‘test.pdf’
Flavors: r-devel-linux-x86_64-debian-clang, r-devel-linux-x86_64-debian-gcc, r-devel-linux-x86_64-fedora-clang, r-devel-linux-x86_64-fedora-gcc, r-patched-linux-x86_64, r-release-linux-x86_64